CRAN Package Check Results for Package ACNE

Last updated on 2014-09-12 01:47:59.

Flavor Version Tinstall Tcheck Ttotal Status Flags
r-devel-linux-x86_64-debian-clang 0.7.0 2.81 40.08 42.88 NOTE
r-devel-linux-x86_64-debian-gcc 0.7.0 2.71 40.71 43.42 NOTE
r-devel-linux-x86_64-fedora-clang 0.7.0 92.55 NOTE
r-devel-linux-x86_64-fedora-gcc 0.7.0 102.86 NOTE
r-devel-osx-x86_64-clang 0.7.0 79.67 NOTE
r-devel-windows-ix86+x86_64 0.7.0 12.00 60.00 72.00 NOTE
r-patched-linux-x86_64 0.7.0 3.11 43.39 46.50 OK
r-patched-solaris-sparc 0.7.0 590.60 OK
r-patched-solaris-x86 0.7.0 126.70 OK
r-release-linux-ix86 0.7.0 4.70 60.70 65.41 OK
r-release-linux-x86_64 0.7.0 3.55 48.72 52.27 OK
r-release-osx-x86_64-mavericks 0.7.0 OK
r-release-osx-x86_64-snowleopard 0.7.0 OK
r-release-windows-ix86+x86_64 0.7.0 12.00 72.00 84.00 OK
r-oldrel-windows-ix86+x86_64 0.7.0 11.00 74.00 85.00 OK

Check Details

Version: 0.7.0
Check: R code for possible problems
Result: NOTE
    .onAttach: no visible global function definition for ‘startupMessage’
    NmfPlm: no visible binding for global variable ‘Arguments’
    doACNE.AffymetrixCelSet: no visible binding for global variable
     ‘Arguments’
    doACNE.AffymetrixCelSet: no visible global function definition for
     ‘process’
    doACNE.AffymetrixCelSet: no visible global function definition for
     ‘findUnitsTodo’
    doACNE.AffymetrixCelSet: no visible global function definition for
     ‘fit’
    doACNE.default: no visible binding for global variable ‘Arguments’
    doACNE.default: no visible binding for global variable
     ‘AffymetrixCelSet’
    plot.SnpNmfFit: no visible binding for global variable ‘fit’
Flavors: r-devel-linux-x86_64-debian-clang, r-devel-linux-x86_64-debian-gcc, r-devel-linux-x86_64-fedora-clang, r-devel-linux-x86_64-fedora-gcc, r-devel-osx-x86_64-clang, r-devel-windows-ix86+x86_64