Last updated on 2014-09-12 01:48:00.
Flavor | Version | Tinstall | Tcheck | Ttotal | Status | Flags |
---|---|---|---|---|---|---|
r-devel-linux-x86_64-debian-clang | 1.0-3 | 1.01 | 17.39 | 18.40 | NOTE | |
r-devel-linux-x86_64-debian-gcc | 1.0-3 | 1.01 | 17.27 | 18.28 | NOTE | |
r-devel-linux-x86_64-fedora-clang | 1.0-3 | 65.09 | NOTE | |||
r-devel-linux-x86_64-fedora-gcc | 1.0-3 | 72.77 | NOTE | |||
r-devel-osx-x86_64-clang | 1.0-3 | 35.52 | NOTE | |||
r-devel-windows-ix86+x86_64 | 1.0-3 | 4.00 | 32.00 | 36.00 | NOTE | |
r-patched-linux-x86_64 | 1.0-3 | 0.98 | 18.05 | 19.03 | NOTE | |
r-patched-solaris-sparc | 1.0-3 | 245.10 | NOTE | |||
r-patched-solaris-x86 | 1.0-3 | 87.00 | NOTE | |||
r-release-linux-ix86 | 1.0-3 | 1.48 | 25.85 | 27.33 | NOTE | |
r-release-linux-x86_64 | 1.0-3 | 1.01 | 18.38 | 19.40 | NOTE | |
r-release-osx-x86_64-mavericks | 1.0-3 | NOTE | ||||
r-release-windows-ix86+x86_64 | 1.0-3 | 5.00 | 32.00 | 37.00 | NOTE | |
r-oldrel-windows-ix86+x86_64 | 1.0-3 | 3.00 | 33.00 | 36.00 | NOTE |
Version: 1.0-3
Check: dependencies in R code
Result: NOTE
Packages in Depends field not imported from:
‘deSolve’ ‘minpack.lm’
These packages need to be imported from (in the NAMESPACE file)
for when this namespace is loaded but not attached.
See the information on DESCRIPTION files in the chapter ‘Creating R
packages’ of the ‘Writing R Extensions’ manual.
Flavors: r-devel-linux-x86_64-debian-clang, r-devel-linux-x86_64-debian-gcc, r-devel-linux-x86_64-fedora-clang, r-devel-linux-x86_64-fedora-gcc, r-devel-osx-x86_64-clang, r-devel-windows-ix86+x86_64, r-patched-linux-x86_64, r-patched-solaris-sparc, r-patched-solaris-x86, r-release-linux-ix86, r-release-linux-x86_64, r-release-osx-x86_64-mavericks, r-release-windows-ix86+x86_64, r-oldrel-windows-ix86+x86_64
Version: 1.0-3
Check: R code for possible problems
Result: NOTE
Found an obsolete/platform-specific call in the following function:
‘opendevice’
Found the platform-specific device:
‘x11’
dev.new() is the preferred way to open a new device, in the unlikely
event one is needed.
TAfit: no visible global function definition for ‘nls.lm.control’
TAfit: no visible global function definition for ‘nls.lm’
Flavors: r-devel-linux-x86_64-debian-clang, r-devel-linux-x86_64-debian-gcc, r-devel-linux-x86_64-fedora-clang, r-devel-linux-x86_64-fedora-gcc, r-devel-osx-x86_64-clang
Version: 1.0-3
Check: Rd line widths
Result: NOTE
Rd file 'aquaenv.Rd':
\usage lines wider than 90 characters:
k_hf=NULL, k1k2="roy", khf="dickson", khso4="dickson", fCO2atm=0.000390, fO2atm=0.20946)
These lines will be truncated in the PDF manual.
Flavors: r-devel-linux-x86_64-fedora-clang, r-devel-linux-x86_64-fedora-gcc
Version: 1.0-3
Check: R code for possible problems
Result: NOTE
TAfit: no visible global function definition for 'nls.lm.control'
TAfit: no visible global function definition for 'nls.lm'
Flavor: r-devel-windows-ix86+x86_64
Version: 1.0-3
Check: R code for possible problems
Result: NOTE
Found an obsolete/platform-specific call in the following function:
‘opendevice’
Found the platform-specific device:
‘x11’
dev.new() is the preferred way to open a new device, in the unlikely
event one is needed.
Flavors: r-patched-linux-x86_64, r-patched-solaris-sparc, r-patched-solaris-x86, r-release-linux-ix86, r-release-linux-x86_64