CRAN Package Check Results for Package BHMSMAfMRI

Last updated on 2014-09-12 01:48:01.

Flavor Version Tinstall Tcheck Ttotal Status Flags
r-devel-linux-x86_64-debian-clang 1.0 1.28 39.11 40.39 OK
r-devel-linux-x86_64-debian-gcc 1.0 1.26 37.65 38.92 OK
r-devel-linux-x86_64-fedora-clang 1.0 79.00 OK
r-devel-linux-x86_64-fedora-gcc 1.0 89.89 OK
r-devel-osx-x86_64-clang 1.0 82.75 OK
r-devel-windows-ix86+x86_64 1.0 5.00 55.00 60.00 OK
r-patched-linux-x86_64 1.0 1.34 39.84 41.19 OK
r-patched-solaris-sparc 1.0 484.20 OK
r-patched-solaris-x86 1.0 112.60 OK
r-release-linux-ix86 1.0 2.11 56.65 58.76 OK
r-release-linux-x86_64 1.0 1.57 40.30 41.87 OK
r-release-osx-x86_64-mavericks 1.0 NOTE
r-release-osx-x86_64-snowleopard 1.0 OK
r-release-windows-ix86+x86_64 1.0 5.00 64.00 69.00 OK
r-oldrel-windows-ix86+x86_64 1.0 6.00 67.00 73.00 OK

Check Details

Version: 1.0
Check: re-building of vignette outputs
Result: NOTE
    Error in re-building vignettes:
     ...
    Warning: running command 'kpsewhich framed.sty' had status 1
    Warning in test_latex_pkg("framed", system.file("misc", "framed.sty", package = "knitr")) :
     unable to find LaTeX package 'framed'; will use a copy from knitr
    Error in texi2dvi(file = file, pdf = TRUE, clean = clean, quiet = quiet, :
     Running 'texi2dvi' on 'BHMSMAfMRIvignette.tex' failed.
    LaTeX errors:
    ! LaTeX Error: File `multirow.sty' not found.
    
    Type X to quit or <RETURN> to proceed,
    or enter new name. (Default extension: sty)
    
    ign_test/BHMSMAfMRI/vignettes/BHMSMAfMRIvignette.tex:69: ==> Fatal error occur
    red, no output PDF file produced!
    Calls: buildVignettes -> texi2pdf -> texi2dvi
    Execution halted
Flavor: r-release-osx-x86_64-mavericks