CRAN Package Check Results for Package CNprep

Last updated on 2014-09-12 01:48:02.

Flavor Version Tinstall Tcheck Ttotal Status Flags
r-devel-linux-x86_64-debian-clang 1.0 1.08 18.64 19.72 NOTE
r-devel-linux-x86_64-debian-gcc 1.0 1.41 17.65 19.06 NOTE
r-devel-linux-x86_64-fedora-clang 1.0 29.14 NOTE
r-devel-linux-x86_64-fedora-gcc 1.0 32.16 NOTE
r-devel-osx-x86_64-clang 1.0 35.03 NOTE
r-devel-windows-ix86+x86_64 1.0 4.00 29.00 33.00 NOTE
r-patched-linux-x86_64 1.0 1.04 18.22 19.27 NOTE
r-patched-solaris-sparc 1.0 224.50 NOTE
r-patched-solaris-x86 1.0 50.80 NOTE
r-release-linux-ix86 1.0 1.77 27.32 29.09 NOTE
r-release-linux-x86_64 1.0 1.46 18.92 20.38 NOTE
r-release-osx-x86_64-mavericks 1.0 NOTE
r-release-windows-ix86+x86_64 1.0 4.00 30.00 34.00 NOTE
r-oldrel-windows-ix86+x86_64 1.0 5.00 30.00 35.00 NOTE

Check Details

Version: 1.0
Check: dependencies in R code
Result: NOTE
    'library' or 'require' calls to packages already attached by Depends:
     ‘mclust’ ‘rlecuyer’
     Please remove these calls from your code.
    See the information on DESCRIPTION files in the chapter ‘Creating R
    packages’ of the ‘Writing R Extensions’ manual.
Flavors: r-devel-linux-x86_64-debian-clang, r-devel-linux-x86_64-debian-gcc, r-devel-linux-x86_64-fedora-clang, r-devel-linux-x86_64-fedora-gcc, r-devel-osx-x86_64-clang, r-devel-windows-ix86+x86_64, r-patched-linux-x86_64, r-patched-solaris-sparc, r-patched-solaris-x86, r-release-linux-ix86, r-release-linux-x86_64, r-release-osx-x86_64-mavericks, r-release-windows-ix86+x86_64, r-oldrel-windows-ix86+x86_64

Version: 1.0
Check: top-level files
Result: NOTE
    Non-standard file/directory found at top level:
     ‘spares’
Flavors: r-devel-linux-x86_64-fedora-clang, r-devel-linux-x86_64-fedora-gcc