Last updated on 2014-09-12 01:48:02.
Flavor | Version | Tinstall | Tcheck | Ttotal | Status | Flags |
---|---|---|---|---|---|---|
r-devel-linux-x86_64-debian-clang | 1.0.2 | 6.32 | 38.10 | 44.41 | NOTE | |
r-devel-linux-x86_64-debian-gcc | 1.0.2 | 5.82 | 36.63 | 42.44 | NOTE | |
r-devel-linux-x86_64-fedora-clang | 1.0.2 | 78.89 | NOTE | |||
r-devel-linux-x86_64-fedora-gcc | 1.0.2 | 94.69 | NOTE | |||
r-devel-osx-x86_64-clang | 1.0.2 | 76.61 | NOTE | |||
r-devel-windows-ix86+x86_64 | 1.0.2 | 19.00 | 58.00 | 77.00 | NOTE | |
r-patched-linux-x86_64 | 1.0.2 | 7.79 | 43.06 | 50.85 | NOTE | |
r-patched-solaris-sparc | 1.0.2 | 468.60 | NOTE | |||
r-patched-solaris-x86 | 1.0.2 | 106.50 | NOTE | |||
r-release-linux-ix86 | 1.0.2 | 7.02 | 40.54 | 47.57 | NOTE | |
r-release-linux-x86_64 | 1.0.2 | 6.19 | 38.71 | 44.90 | NOTE | |
r-release-osx-x86_64-mavericks | 1.0.2 | NOTE | ||||
r-release-osx-x86_64-snowleopard | 1.0.2 | NOTE | ||||
r-release-windows-ix86+x86_64 | 1.0.2 | 18.00 | 60.00 | 78.00 | NOTE | |
r-oldrel-windows-ix86+x86_64 | 1.0.2 | 21.00 | 56.00 | 77.00 | NOTE |
Version: 1.0.2
Check: package dependencies
Result: NOTE
Depends: includes the non-default packages:
‘CLSOCP’ ‘tseries’ ‘outliers’ ‘nortest’ ‘quadprog’ ‘zoo’
‘preprocessCore’ ‘fields’ ‘fpc’ ‘flexclust’ ‘plyr’
Adding so many packages to the search path is excessive and importing
selectively is preferable.
Flavors: r-devel-linux-x86_64-debian-clang, r-devel-linux-x86_64-debian-gcc, r-devel-linux-x86_64-fedora-clang, r-devel-linux-x86_64-fedora-gcc, r-devel-osx-x86_64-clang, r-devel-windows-ix86+x86_64, r-patched-linux-x86_64, r-patched-solaris-sparc, r-patched-solaris-x86, r-release-linux-ix86, r-release-linux-x86_64, r-release-osx-x86_64-mavericks, r-release-osx-x86_64-snowleopard, r-release-windows-ix86+x86_64
Version: 1.0.2
Check: installed package size
Result: NOTE
installed size is 34.4Mb
sub-directories of 1Mb or more:
data 34.3Mb
Flavors: r-devel-linux-x86_64-debian-clang, r-devel-linux-x86_64-debian-gcc, r-devel-linux-x86_64-fedora-clang, r-devel-linux-x86_64-fedora-gcc, r-devel-osx-x86_64-clang, r-devel-windows-ix86+x86_64, r-patched-linux-x86_64, r-patched-solaris-sparc, r-patched-solaris-x86, r-release-linux-ix86, r-release-linux-x86_64, r-release-osx-x86_64-mavericks, r-release-osx-x86_64-snowleopard, r-release-windows-ix86+x86_64, r-oldrel-windows-ix86+x86_64