CRAN Package Check Results for Package DepthProc

Last updated on 2014-09-12 01:48:03.

Flavor Version Tinstall Tcheck Ttotal Status Flags
r-devel-linux-x86_64-debian-clang 1.0.1 47.79 45.20 92.99 OK
r-devel-linux-x86_64-debian-gcc 1.0.1 52.20 43.12 95.32 OK
r-devel-linux-x86_64-fedora-clang 1.0.1 209.40 OK
r-devel-linux-x86_64-fedora-gcc 1.0.1 186.12 OK
r-devel-osx-x86_64-clang 1.0.1 130.57 OK
r-devel-windows-ix86+x86_64 1.0.1 160.00 110.00 270.00 OK
r-patched-linux-x86_64 1.0.1 52.90 45.86 98.76 OK
r-patched-solaris-sparc 1.0.1 1060.40 NOTE
r-patched-solaris-x86 1.0.1 245.00 OK
r-release-linux-ix86 1.0.1 66.08 58.32 124.40 OK
r-release-linux-x86_64 1.0.1 52.88 46.92 99.80 OK
r-release-osx-x86_64-mavericks 1.0.1 OK
r-release-osx-x86_64-snowleopard 1.0.1 OK
r-release-windows-ix86+x86_64 1.0.1 145.00 111.00 256.00 OK
r-oldrel-windows-ix86+x86_64 1.0.1 149.00 107.00 256.00 OK

Check Details

Version: 1.0.1
Check: installed package size
Result: NOTE
     installed size is 5.8Mb
     sub-directories of 1Mb or more:
     libs 4.5Mb
Flavor: r-patched-solaris-sparc