Last updated on 2014-09-12 01:48:03.
Flavor | Version | Tinstall | Tcheck | Ttotal | Status | Flags |
---|---|---|---|---|---|---|
r-devel-linux-x86_64-debian-clang | 0.1-0 | 0.86 | 38.67 | 39.53 | NOTE | |
r-devel-linux-x86_64-debian-gcc | 0.1-0 | 0.84 | 38.49 | 39.33 | NOTE | |
r-devel-linux-x86_64-fedora-clang | 0.1-0 | 64.09 | NOTE | |||
r-devel-linux-x86_64-fedora-gcc | 0.1-0 | 74.74 | NOTE | |||
r-devel-osx-x86_64-clang | 0.1-0 | 63.91 | NOTE | |||
r-devel-windows-ix86+x86_64 | 0.1-0 | 3.00 | 55.00 | 58.00 | NOTE | |
r-patched-linux-x86_64 | 0.1-0 | 0.86 | 43.30 | 44.16 | OK | |
r-patched-solaris-sparc | 0.1-0 | 420.60 | OK | |||
r-patched-solaris-x86 | 0.1-0 | 92.60 | OK | |||
r-release-linux-ix86 | 0.1-0 | 1.22 | 55.00 | 56.22 | OK | |
r-release-linux-x86_64 | 0.1-0 | 0.86 | 43.10 | 43.97 | OK | |
r-release-osx-x86_64-mavericks | 0.1-0 | OK | ||||
r-release-osx-x86_64-snowleopard | 0.1-0 | OK | ||||
r-release-windows-ix86+x86_64 | 0.1-0 | 2.00 | 60.00 | 62.00 | OK | |
r-oldrel-windows-ix86+x86_64 | 0.1-0 | 3.00 | 60.00 | 63.00 | OK |
Memtest notes: ASAN
Version: 0.1-0
Check: R code for possible problems
Result: NOTE
financialCrisisFiles: no visible global function definition for
‘read.xls’
financialCrisisFiles: no visible global function definition for
‘sheetNames’
parseName : dropEndParen: no visible global function definition for
‘stripBlanks’
parseName: no visible global function definition for ‘stripBlanks’
read.testURLs: no visible global function definition for
‘as.POSIXct1970’
readCookPVI: no visible global function definition for ‘getURL’
readCookPVI: no visible global function definition for ‘readHTMLTable’
readFinancialCrisisFiles: no visible binding for global variable
‘read.xls’
readUShouse: no visible global function definition for ‘getURL’
readUShouse: no visible global function definition for ‘readHTMLTable’
readUSsenate: no visible global function definition for ‘getURL’
readUSsenate: no visible global function definition for ‘readHTMLTable’
readUSstateAbbreviations: no visible global function definition for
‘getURL’
readUSstateAbbreviations: no visible global function definition for
‘readHTMLTable’
subNonStandardNames: no visible global function definition for
‘stripBlanks’
testURLs: no visible global function definition for ‘getURL’
Flavors: r-devel-linux-x86_64-debian-clang, r-devel-linux-x86_64-debian-gcc, r-devel-linux-x86_64-fedora-clang, r-devel-linux-x86_64-fedora-gcc, r-devel-osx-x86_64-clang, r-devel-windows-ix86+x86_64