CRAN Package Check Results for Package ExpDes

Last updated on 2014-09-12 01:48:04.

Flavor Version Tinstall Tcheck Ttotal Status Flags
r-devel-linux-x86_64-debian-clang 1.1.2 1.00 39.84 40.84 OK
r-devel-linux-x86_64-debian-gcc 1.1.2 0.96 37.98 38.94 OK
r-devel-linux-x86_64-fedora-clang 1.1.2 75.99 NOTE
r-devel-linux-x86_64-fedora-gcc 1.1.2 88.89 NOTE
r-devel-osx-x86_64-clang 1.1.2 65.78 OK
r-devel-windows-ix86+x86_64 1.1.2 4.00 51.00 55.00 OK
r-patched-linux-x86_64 1.1.2 1.09 40.35 41.44 OK
r-patched-solaris-sparc 1.1.2 450.00 OK
r-patched-solaris-x86 1.1.2 87.70 OK
r-release-linux-ix86 1.1.2 1.41 49.55 50.96 OK
r-release-linux-x86_64 1.1.2 1.04 40.26 41.30 OK
r-release-osx-x86_64-mavericks 1.1.2 OK
r-release-windows-ix86+x86_64 1.1.2 5.00 56.00 61.00 OK
r-oldrel-windows-ix86+x86_64 1.1.2 3.00 56.00 59.00 OK

Check Details

Version: 1.1.2
Check: top-level files
Result: NOTE
    Non-standard file/directory found at top level:
     ‘ExpDes-Ex.R’
Flavors: r-devel-linux-x86_64-fedora-clang, r-devel-linux-x86_64-fedora-gcc

Version: 1.1.2
Check: Rd line widths
Result: NOTE
    Rd file 'fat2.ad.crd.Rd':
     \usage lines wider than 90 characters:
     fat2.ad.crd(factor1, factor2, repet, resp, respAd, quali = c(TRUE, TRUE), mcomp = "tukey", fac.names = c("F1", "F2"), sigT = 0.05, sigF ... [TRUNCATED]
     \examples lines wider than 100 characters:
     fat2.ad.crd(inoculante, biodiesel, vaso, seca, secaAd, quali = c(TRUE,FALSE), mcomp = "tukey", fac.names = c("Inoculant", "Biodiesel"), ... [TRUNCATED]
    
    Rd file 'fat2.ad.rbd.Rd':
     \usage lines wider than 90 characters:
     fat2.ad.rbd(factor1, factor2, block, resp, respAd, quali = c(TRUE, TRUE), mcomp = "tukey", fac.names = c("F1", "F2"), sigT = 0.05, sigF ... [TRUNCATED]
     \examples lines wider than 100 characters:
     fat2.ad.rbd(periodo, nivel, bloco, est21, est21Ad, quali = c(TRUE, FALSE), mcomp = "sk", fac.names = c("Period", "Level"), sigT = 0.05, ... [TRUNCATED]
    
    Rd file 'fat2.crd.Rd':
     \usage lines wider than 90 characters:
     fat2.crd(factor1, factor2, resp, quali = c(TRUE, TRUE), mcomp = "tukey", fac.names = c("F1", "F2"), sigT = 0.05, sigF = 0.05)
     \examples lines wider than 100 characters:
     fat2.crd(revol, esterco, zn, quali=c(FALSE,TRUE), mcomp="tukey", fac.names=c("Revolving","Manure"), sigT = 0.05, sigF = 0.05)
    
    Rd file 'fat2.rbd.Rd':
     \usage lines wider than 90 characters:
     fat2.rbd(factor1, factor2, block, resp, quali = c(TRUE, TRUE), mcomp = "tukey", fac.names = c("F1", "F2"), sigT = 0.05, sigF = 0.05)
     \examples lines wider than 100 characters:
     fat2.rbd(trat, genero, bloco, sabor ,quali=c(TRUE,TRUE), mcomp="lsd", fac.names=c("Samples","Gender"), sigT = 0.05, sigF = 0.05)
    
    Rd file 'fat3.ad.crd.Rd':
     \usage lines wider than 90 characters:
     fat3.ad.crd(factor1, factor2, factor3, repet, resp, respAd, quali = c(TRUE, TRUE, TRUE), mcomp = "tukey", fac.names = c("F1", "F2", "F3 ... [TRUNCATED]
     \examples lines wider than 100 characters:
     fat3.ad.crd(fatorA, fatorB, fatorC, rep, resp, respAd, quali = c(TRUE, TRUE, TRUE), mcomp = "duncan", fac.names = c("Factor A", "Factor ... [TRUNCATED]
    
    Rd file 'fat3.ad.rbd.Rd':
     \usage lines wider than 90 characters:
     fat3.ad.rbd(factor1, factor2, factor3, block, resp, respAd, quali = c(TRUE, TRUE, TRUE), mcomp = "tukey", fac.names = c("F1", "F2", "F3 ... [TRUNCATED]
     \examples lines wider than 100 characters:
     fat3.ad.rbd(fatorA, fatorB, fatorC, rep, resp, respAd, quali = c(TRUE, TRUE, TRUE), mcomp = "snk", fac.names = c("Factor A", "Factor B" ... [TRUNCATED]
    
    Rd file 'fat3.crd.Rd':
     \usage lines wider than 90 characters:
     fat3.crd(factor1, factor2, factor3, resp, quali = c(TRUE, TRUE, TRUE), mcomp = "tukey", fac.names = c("F1", "F2", "F3"), sigT = 0.05, s ... [TRUNCATED]
     \examples lines wider than 100 characters:
     fat3.crd(fatorA, fatorB, fatorC, resp, quali = c(TRUE, TRUE, TRUE), mcomp = "lsdb", fac.names = c("Factor A", "Factor B", "Factor C"), ... [TRUNCATED]
    
    Rd file 'fat3.rbd.Rd':
     \usage lines wider than 90 characters:
     fat3.rbd(factor1, factor2, factor3, block, resp, quali = c(TRUE, TRUE, TRUE), mcomp = "tukey", fac.names = c("F1", "F2", "F3"), sigT = ... [TRUNCATED]
     \examples lines wider than 100 characters:
     fat3.rbd(fatorA, fatorB, fatorC, rep, resp, quali = c(TRUE, TRUE, TRUE), mcomp = "tukey", fac.names = c("Factor A", "Factor B", "Factor ... [TRUNCATED]
    
    Rd file 'split2.crd.Rd':
     \usage lines wider than 90 characters:
     split2.crd(factor1, factor2, repet, resp, quali = c(TRUE, TRUE), mcomp = "tukey", fac.names = c("F1", "F2"), sigT = 0.05, sigF = 0.05)
     \examples lines wider than 100 characters:
     split2.crd(cobertura, prof, rep, pH, quali = c(TRUE, TRUE), mcomp = "lsd", fac.names = c("Cover", "Depth"), sigT = 0.05, sigF = 0.05)
    
    Rd file 'split2.rbd.Rd':
     \usage lines wider than 90 characters:
     split2.rbd(factor1, factor2, block, resp, quali = c(TRUE, TRUE), mcomp = "tukey", fac.names = c("F1", "F2"), sigT = 0.05, sigF = 0.05)
     \examples lines wider than 100 characters:
     split2.rbd(trat, dose, rep, resp, quali = c(TRUE, FALSE), mcomp = "tukey", fac.names = c("Treatament", "Dose"), sigT = 0.05, sigF = 0.0 ... [TRUNCATED]
    
    These lines will be truncated in the PDF manual.
Flavors: r-devel-linux-x86_64-fedora-clang, r-devel-linux-x86_64-fedora-gcc