Last updated on 2014-09-12 01:48:05.
Flavor | Version | Tinstall | Tcheck | Ttotal | Status | Flags |
---|---|---|---|---|---|---|
r-devel-linux-x86_64-debian-clang | 1.1 | 1.49 | 33.58 | 35.07 | OK | |
r-devel-linux-x86_64-debian-gcc | 1.1 | 1.64 | 34.47 | 36.10 | OK | |
r-devel-linux-x86_64-fedora-clang | 1.1 | 75.27 | OK | |||
r-devel-linux-x86_64-fedora-gcc | 1.1 | 74.25 | OK | |||
r-devel-osx-x86_64-clang | 1.1 | 60.36 | OK | |||
r-devel-windows-ix86+x86_64 | 1.1 | 8.00 | 64.00 | 72.00 | OK | |
r-patched-linux-x86_64 | 1.1 | 1.69 | 34.42 | 36.11 | OK | |
r-patched-solaris-sparc | 1.1 | 725.30 | OK | |||
r-patched-solaris-x86 | 1.1 | 120.60 | OK | |||
r-release-linux-ix86 | 1.1 | 2.28 | 52.51 | 54.79 | OK | |
r-release-linux-x86_64 | 1.1 | 1.60 | 35.48 | 37.08 | OK | |
r-release-osx-x86_64-mavericks | 1.1 | NOTE | ||||
r-release-osx-x86_64-snowleopard | 1.1 | ERROR | ||||
r-release-windows-ix86+x86_64 | 1.1 | 10.00 | 61.00 | 71.00 | OK | |
r-oldrel-windows-ix86+x86_64 | 1.1 | 9.00 | 64.00 | 73.00 | OK |
Version: 1.1
Check: re-building of vignette outputs
Result: NOTE
Error in re-building vignettes:
...
Loading required package: gplots
KernSmooth 2.23 loaded
Copyright M. P. Wand 1997-2009
Attaching package: ‘gplots’
The following object is masked from ‘package:stats’:
lowess
Error in texi2dvi(file = file, pdf = TRUE, clean = clean, quiet = quiet, :
Running 'texi2dvi' on 'FLLat_tutorial.tex' failed.
LaTeX errors:
! LaTeX Error: File `fullpage.sty' not found.
Type X to quit or <RETURN> to proceed,
or enter new name. (Default extension: sty)
est/FLLat/vignettes/FLLat_tutorial.tex:5: ==> Fatal error occurred, no output
PDF file produced!
Calls: buildVignettes -> texi2pdf -> texi2dvi
Execution halted
Flavor: r-release-osx-x86_64-mavericks
Version: 1.1
Check: whether package can be installed
Result: ERROR
Installation failed.
Flavor: r-release-osx-x86_64-snowleopard