CRAN Package Check Results for Package FuzzyStatProb

Last updated on 2014-09-12 01:48:05.

Flavor Version Tinstall Tcheck Ttotal Status Flags
r-devel-linux-x86_64-debian-clang 1.0 0.90 21.06 21.96 NOTE
r-devel-linux-x86_64-debian-gcc 1.0 0.96 20.94 21.90 NOTE
r-devel-linux-x86_64-fedora-clang 1.0 45.86 NOTE
r-devel-linux-x86_64-fedora-gcc 1.0 52.85 NOTE
r-devel-osx-x86_64-clang 1.0 41.11 NOTE
r-devel-windows-ix86+x86_64 1.0 3.00 34.00 37.00 NOTE
r-patched-linux-x86_64 1.0 0.97 21.66 22.63 NOTE
r-patched-solaris-sparc 1.0 285.20 NOTE
r-patched-solaris-x86 1.0 58.10 NOTE
r-release-linux-ix86 1.0 1.38 29.65 31.04 NOTE
r-release-linux-x86_64 1.0 0.98 22.43 23.42 NOTE
r-release-osx-x86_64-mavericks 1.0 NOTE
r-release-osx-x86_64-snowleopard 1.0 NOTE
r-release-windows-ix86+x86_64 1.0 4.00 35.00 39.00 NOTE
r-oldrel-windows-ix86+x86_64 1.0 4.00 37.00 41.00 NOTE

Check Details

Version: 1.0
Check: dependencies in R code
Result: NOTE
    'library' or 'require' calls to packages already attached by Depends:
     ‘DEoptim’ ‘MultinomialCI’
     Please remove these calls from your code.
    Packages in Depends field not imported from:
     ‘DEoptim’ ‘FuzzyNumbers’ ‘MultinomialCI’ ‘parallel’
     These packages need to be imported from (in the NAMESPACE file)
     for when this namespace is loaded but not attached.
    See the information on DESCRIPTION files in the chapter ‘Creating R
    packages’ of the ‘Writing R Extensions’ manual.
Flavors: r-devel-linux-x86_64-debian-clang, r-devel-linux-x86_64-debian-gcc, r-devel-linux-x86_64-fedora-clang, r-devel-linux-x86_64-fedora-gcc, r-devel-osx-x86_64-clang, r-devel-windows-ix86+x86_64, r-patched-linux-x86_64, r-patched-solaris-sparc, r-patched-solaris-x86

Version: 1.0
Check: R code for possible problems
Result: NOTE
    .computeFuzzyStationary: no visible global function definition for
     ‘DEoptim’
    .computeFuzzyStationary: no visible global function definition for
     ‘DEoptim.control’
    .computeIntervalMatrices: no visible global function definition for
     ‘multinomialCI’
    .membFnRegression: no visible global function definition for ‘DEoptim’
    .membFnRegression: no visible global function definition for
     ‘DEoptim.control’
    .membFnRegression: no visible global function definition for
     ‘PiecewiseLinearFuzzyNumber’
    .membFnRegression: no visible global function definition for
     ‘FuzzyNumber’
    fuzzyStationaryProb: no visible global function definition for
     ‘detectCores’
    fuzzyStationaryProb: no visible global function definition for
     ‘makeCluster’
    fuzzyStationaryProb: no visible global function definition for
     ‘clusterExport’
    fuzzyStationaryProb: no visible global function definition for
     ‘clusterEvalQ’
    fuzzyStationaryProb: no visible global function definition for
     ‘parLapply’
    fuzzyStationaryProb: no visible global function definition for
     ‘stopCluster’
Flavors: r-devel-linux-x86_64-debian-clang, r-devel-linux-x86_64-debian-gcc, r-devel-linux-x86_64-fedora-clang, r-devel-linux-x86_64-fedora-gcc, r-devel-osx-x86_64-clang, r-devel-windows-ix86+x86_64

Version: 1.0
Check: dependencies in R code
Result: NOTE
    'library' or 'require' calls to packages already attached by Depends:
     ‘DEoptim’ ‘MultinomialCI’
     Please remove these calls from your code.
    Packages in Depends field not imported from:
     ‘DEoptim’ ‘FuzzyNumbers’ ‘MultinomialCI’
     These packages need to be imported from (in the NAMESPACE file)
     for when this namespace is loaded but not attached.
    See the information on DESCRIPTION files in the chapter ‘Creating R
    packages’ of the ‘Writing R Extensions’ manual.
Flavors: r-release-linux-ix86, r-release-linux-x86_64, r-release-osx-x86_64-mavericks, r-release-windows-ix86+x86_64, r-oldrel-windows-ix86+x86_64

Version: 1.0
Check: dependencies in R code
Result: NOTE
    'library' or 'require' calls to packages already attached by Depends:
     'DEoptim' 'MultinomialCI'
     Please remove these calls from your code.
    See the information on DESCRIPTION files in the chapter 'Creating R
    packages' of the 'Writing R Extensions' manual.
Flavor: r-release-osx-x86_64-snowleopard