Last updated on 2014-09-12 01:48:05.
Flavor | Version | Tinstall | Tcheck | Ttotal | Status | Flags |
---|---|---|---|---|---|---|
r-devel-linux-x86_64-debian-clang | 1.0 | 2.96 | 41.92 | 44.88 | NOTE | |
r-devel-linux-x86_64-debian-gcc | 1.0 | 4.07 | 40.48 | 44.55 | NOTE | |
r-devel-linux-x86_64-fedora-clang | 1.0 | 98.77 | NOTE | |||
r-devel-linux-x86_64-fedora-gcc | 1.0 | 113.29 | NOTE | |||
r-devel-osx-x86_64-clang | 1.0 | 76.77 | NOTE | |||
r-devel-windows-ix86+x86_64 | 1.0 | 11.00 | 62.00 | 73.00 | NOTE | |
r-patched-linux-x86_64 | 1.0 | 3.14 | 43.06 | 46.20 | NOTE | |
r-patched-solaris-sparc | 1.0 | 545.00 | NOTE | |||
r-patched-solaris-x86 | 1.0 | 120.10 | NOTE | |||
r-release-linux-ix86 | 1.0 | 3.90 | 55.07 | 58.97 | NOTE | |
r-release-linux-x86_64 | 1.0 | 3.22 | 46.10 | 49.32 | NOTE | |
r-release-osx-x86_64-mavericks | 1.0 | NOTE | ||||
r-release-osx-x86_64-snowleopard | 1.0 | NOTE | ||||
r-release-windows-ix86+x86_64 | 1.0 | 9.00 | 71.00 | 80.00 | NOTE | |
r-oldrel-windows-ix86+x86_64 | 1.0 | 10.00 | 70.00 | 80.00 | NOTE |
Version: 1.0
Check: package dependencies
Result: NOTE
Package which this enhances but not available for checking: ‘stable’
Flavors: r-devel-linux-x86_64-debian-clang, r-devel-linux-x86_64-debian-gcc, r-devel-linux-x86_64-fedora-clang, r-devel-linux-x86_64-fedora-gcc, r-devel-osx-x86_64-clang, r-devel-windows-ix86+x86_64, r-patched-linux-x86_64, r-patched-solaris-sparc, r-patched-solaris-x86, r-release-linux-ix86, r-release-linux-x86_64, r-release-osx-x86_64-mavericks, r-release-osx-x86_64-snowleopard, r-release-windows-ix86+x86_64, r-oldrel-windows-ix86+x86_64
Version: 1.0
Check: R code for possible problems
Result: NOTE
.onAttach: no visible binding for '<<-' assignment to ‘GSgarch.dstable’
GSgarch.Dist: no visible global function definition for
‘GSgarch.dstable’
Flavors: r-devel-linux-x86_64-debian-clang, r-devel-linux-x86_64-debian-gcc, r-devel-linux-x86_64-fedora-clang, r-devel-linux-x86_64-fedora-gcc, r-devel-osx-x86_64-clang, r-devel-windows-ix86+x86_64