Last updated on 2014-09-12 01:48:07.
Flavor | Version | Tinstall | Tcheck | Ttotal | Status | Flags |
---|---|---|---|---|---|---|
r-devel-linux-x86_64-debian-clang | 1.1 | 2.05 | 21.53 | 23.58 | NOTE | |
r-devel-linux-x86_64-debian-gcc | 1.1 | 1.72 | 21.19 | 22.91 | NOTE | |
r-devel-linux-x86_64-fedora-clang | 1.1 | 45.49 | NOTE | |||
r-devel-linux-x86_64-fedora-gcc | 1.1 | 41.78 | NOTE | |||
r-devel-osx-x86_64-clang | 1.1 | 45.07 | NOTE | |||
r-devel-windows-ix86+x86_64 | 1.1 | 9.00 | 45.00 | 54.00 | NOTE | |
r-patched-linux-x86_64 | 1.1 | 1.83 | 21.91 | 23.74 | OK | |
r-patched-solaris-sparc | 1.1 | 263.60 | OK | |||
r-patched-solaris-x86 | 1.1 | 64.00 | OK | |||
r-release-linux-ix86 | 1.1 | 2.55 | 29.71 | 32.26 | OK | |
r-release-linux-x86_64 | 1.1 | 1.86 | 24.02 | 25.88 | OK | |
r-release-osx-x86_64-mavericks | 1.1 | NOTE | ||||
r-release-osx-x86_64-snowleopard | 1.1 | OK | ||||
r-release-windows-ix86+x86_64 | 1.1 | 9.00 | 46.00 | 55.00 | OK | |
r-oldrel-windows-ix86+x86_64 | 1.1 | 9.00 | 45.00 | 54.00 | OK |
Version: 1.1
Check: R code for possible problems
Result: NOTE
bayesFit: no visible global function definition for ‘jags’
Flavors: r-devel-linux-x86_64-debian-clang, r-devel-linux-x86_64-debian-gcc, r-devel-linux-x86_64-fedora-clang, r-devel-linux-x86_64-fedora-gcc, r-devel-osx-x86_64-clang, r-devel-windows-ix86+x86_64, r-release-osx-x86_64-mavericks
Version: 1.1
Check: package dependencies
Result: NOTE
Package suggested but not available for checking: ‘R2jags’
Flavor: r-release-osx-x86_64-mavericks