Last updated on 2014-09-12 01:48:10.
Flavor | Version | Tinstall | Tcheck | Ttotal | Status | Flags |
---|---|---|---|---|---|---|
r-devel-linux-x86_64-debian-clang | 1.1 | 8.29 | 172.62 | 180.91 | OK | |
r-devel-linux-x86_64-debian-gcc | 1.1 | 8.04 | 163.68 | 171.72 | OK | |
r-devel-linux-x86_64-fedora-clang | 1.1 | 389.64 | OK | |||
r-devel-linux-x86_64-fedora-gcc | 1.1 | 342.66 | OK | |||
r-devel-osx-x86_64-clang | 1.1 | 284.64 | OK | |||
r-devel-windows-ix86+x86_64 | 1.1 | 31.00 | 382.00 | 413.00 | OK | |
r-patched-linux-x86_64 | 1.1 | 8.65 | 177.16 | 185.81 | OK | |
r-patched-solaris-sparc | 1.1 | 2149.80 | OK | |||
r-patched-solaris-x86 | 1.1 | 455.70 | OK | |||
r-release-linux-ix86 | 1.1 | 10.28 | 215.58 | 225.86 | OK | |
r-release-linux-x86_64 | 1.1 | 8.46 | 178.68 | 187.14 | OK | |
r-release-osx-x86_64-mavericks | 1.1 | OK | ||||
r-release-osx-x86_64-snowleopard | 1.1 | ERROR | ||||
r-release-windows-ix86+x86_64 | 1.1 | 28.00 | 403.00 | 431.00 | OK | |
r-oldrel-windows-ix86+x86_64 | 1.1 | 27.00 | 426.00 | 453.00 | OK |
Version: 1.1
Check: whether package can be installed
Result: ERROR
Installation failed.
Flavor: r-release-osx-x86_64-snowleopard