CRAN Package Check Results for Package PubBias

Last updated on 2014-09-12 01:48:12.

Flavor Version Tinstall Tcheck Ttotal Status Flags
r-devel-linux-x86_64-debian-clang 1.0 0.85 18.93 19.78 NOTE
r-devel-linux-x86_64-debian-gcc 1.0 0.86 19.06 19.92 NOTE
r-devel-linux-x86_64-fedora-clang 1.0 40.73 NOTE
r-devel-linux-x86_64-fedora-gcc 1.0 47.18 NOTE
r-devel-osx-x86_64-clang 1.0 38.00 NOTE
r-devel-windows-ix86+x86_64 1.0 4.00 34.00 38.00 NOTE
r-patched-linux-x86_64 1.0 0.94 19.52 20.46 NOTE
r-patched-solaris-sparc 1.0 256.70 NOTE
r-patched-solaris-x86 1.0 54.20 NOTE
r-release-linux-ix86 1.0 1.46 29.59 31.05 NOTE
r-release-linux-x86_64 1.0 1.00 20.05 21.05 NOTE
r-release-osx-x86_64-mavericks 1.0 NOTE
r-release-osx-x86_64-snowleopard 1.0 OK
r-release-windows-ix86+x86_64 1.0 4.00 37.00 41.00 NOTE
r-oldrel-windows-ix86+x86_64 1.0 4.00 38.00 42.00 NOTE

Check Details

Version: 1.0
Check: dependencies in R code
Result: NOTE
    Packages in Depends field not imported from:
     ‘R.utils’ ‘rmeta’
     These packages need to be imported from (in the NAMESPACE file)
     for when this namespace is loaded but not attached.
    See the information on DESCRIPTION files in the chapter ‘Creating R
    packages’ of the ‘Writing R Extensions’ manual.
Flavors: r-devel-linux-x86_64-debian-clang, r-devel-linux-x86_64-debian-gcc, r-devel-linux-x86_64-fedora-clang, r-devel-linux-x86_64-fedora-gcc, r-devel-osx-x86_64-clang, r-devel-windows-ix86+x86_64, r-patched-linux-x86_64, r-patched-solaris-sparc, r-patched-solaris-x86, r-release-linux-ix86, r-release-linux-x86_64, r-release-osx-x86_64-mavericks, r-release-windows-ix86+x86_64, r-oldrel-windows-ix86+x86_64

Version: 1.0
Check: R code for possible problems
Result: NOTE
    plot_chase_observed_expected: no visible global function definition for
     ‘meta.MH’
Flavors: r-devel-linux-x86_64-debian-clang, r-devel-linux-x86_64-debian-gcc, r-devel-linux-x86_64-fedora-clang, r-devel-linux-x86_64-fedora-gcc, r-devel-osx-x86_64-clang, r-devel-windows-ix86+x86_64