Last updated on 2014-09-12 01:48:15.
Flavor | Version | Tinstall | Tcheck | Ttotal | Status | Flags |
---|---|---|---|---|---|---|
r-devel-linux-x86_64-debian-clang | 0.1-0 | 1.54 | 38.99 | 40.53 | OK | |
r-devel-linux-x86_64-debian-gcc | 0.1-0 | 1.48 | 39.48 | 40.97 | OK | |
r-devel-linux-x86_64-fedora-clang | 0.1-0 | 29.10 | OK | |||
r-devel-linux-x86_64-fedora-gcc | 0.1-0 | 34.82 | OK | |||
r-devel-osx-x86_64-clang | 0.1-0 | 28.32 | OK | |||
r-devel-windows-ix86+x86_64 | 0.1-0 | 30.00 | 132.00 | 162.00 | OK | |
r-patched-linux-x86_64 | 0.1-0 | 1.52 | 41.40 | 42.92 | OK | |
r-patched-solaris-sparc | 0.1-0 | 514.30 | NOTE | |||
r-patched-solaris-x86 | 0.1-0 | 109.50 | NOTE | |||
r-release-linux-ix86 | 0.1-0 | 10.67 | 55.84 | 66.52 | OK | |
r-release-linux-x86_64 | 0.1-0 | 1.56 | 41.85 | 43.40 | OK | |
r-release-osx-x86_64-mavericks | 0.1-0 | NOTE | ||||
r-release-osx-x86_64-snowleopard | 0.1-0 | OK | ||||
r-release-windows-ix86+x86_64 | 0.1-0 | 62.00 | 147.00 | 209.00 | OK | |
r-oldrel-windows-ix86+x86_64 | 0.1-0 | 35.00 | 127.00 | 162.00 | OK |
Version: 0.1-0
Check: package dependencies
Result: NOTE
Package suggested but not available for checking: ‘ROI.plugin.symphony’
Flavors: r-patched-solaris-sparc, r-patched-solaris-x86, r-release-osx-x86_64-mavericks