CRAN Package Check Results for Package RSAGA

Last updated on 2014-09-12 01:48:15.

Flavor Version Tinstall Tcheck Ttotal Status Flags
r-devel-linux-x86_64-debian-clang 0.93-6 3.35 37.27 40.62 NOTE
r-devel-linux-x86_64-debian-gcc 0.93-6 3.46 36.41 39.87 NOTE
r-devel-linux-x86_64-fedora-clang 0.93-6 90.12 NOTE
r-devel-linux-x86_64-fedora-gcc 0.93-6 95.04 NOTE
r-devel-osx-x86_64-clang 0.93-6 75.23 NOTE
r-devel-windows-ix86+x86_64 0.93-6 10.00 55.00 65.00 NOTE
r-patched-linux-x86_64 0.93-6 3.60 40.73 44.33 NOTE
r-patched-solaris-sparc 0.93-6 523.40 NOTE
r-patched-solaris-x86 0.93-6 113.10 NOTE
r-release-linux-ix86 0.93-6 4.26 53.28 57.54 NOTE
r-release-linux-x86_64 0.93-6 4.52 39.52 44.04 NOTE
r-release-osx-x86_64-mavericks 0.93-6 ERROR
r-release-osx-x86_64-snowleopard 0.93-6 ERROR
r-release-windows-ix86+x86_64 0.93-6 10.00 62.00 72.00 NOTE
r-oldrel-windows-ix86+x86_64 0.93-6 10.00 59.00 69.00 NOTE

Check Details

Version: 0.93-6
Check: dependencies in R code
Result: NOTE
    'library' or 'require' calls to packages already attached by Depends:
     ‘gstat’ ‘plyr’ ‘shapefiles’
     Please remove these calls from your code.
    Packages in Depends field not imported from:
     ‘gstat’ ‘plyr’ ‘shapefiles’
     These packages need to be imported from (in the NAMESPACE file)
     for when this namespace is loaded but not attached.
    See the information on DESCRIPTION files in the chapter ‘Creating R
    packages’ of the ‘Writing R Extensions’ manual.
Flavors: r-devel-linux-x86_64-debian-clang, r-devel-linux-x86_64-debian-gcc, r-devel-linux-x86_64-fedora-clang, r-devel-linux-x86_64-fedora-gcc, r-devel-osx-x86_64-clang, r-devel-windows-ix86+x86_64, r-patched-linux-x86_64, r-patched-solaris-sparc, r-patched-solaris-x86, r-release-linux-ix86, r-release-linux-x86_64, r-release-windows-ix86+x86_64, r-oldrel-windows-ix86+x86_64

Version: 0.93-6
Check: R code for possible problems
Result: NOTE
    pick.from.ascii.grid: no visible global function definition for ‘ddply’
    pick.from.ascii.grid: no visible global function definition for ‘.’
    pick.from.ascii.grid: no visible global function definition for ‘dlply’
    pick.from.points: no visible global function definition for ‘vgm’
    pick.from.points: no visible global function definition for ‘krige’
    pick.from.shapefile: no visible global function definition for
     ‘read.shapefile’
    pick.from.shapefile: no visible global function definition for ‘add.xy’
    rsaga.get.modules: no visible global function definition for ‘llply’
Flavors: r-devel-linux-x86_64-debian-clang, r-devel-linux-x86_64-debian-gcc, r-devel-linux-x86_64-fedora-clang, r-devel-linux-x86_64-fedora-gcc, r-devel-osx-x86_64-clang, r-devel-windows-ix86+x86_64

Version: 0.93-6
Check: package dependencies
Result: ERROR
    Package required but not available: ‘gstat’
    
    See the information on DESCRIPTION files in the chapter ‘Creating R
    packages’ of the ‘Writing R Extensions’ manual.
Flavor: r-release-osx-x86_64-mavericks

Version: 0.93-6
Check: whether package can be installed
Result: ERROR
    Installation failed.
Flavor: r-release-osx-x86_64-snowleopard