Last updated on 2014-09-12 01:48:13.
Flavor | Version | Tinstall | Tcheck | Ttotal | Status | Flags |
---|---|---|---|---|---|---|
r-devel-linux-x86_64-debian-clang | 0.1.6 | 19.31 | 12.69 | 32.00 | NOTE | |
r-devel-linux-x86_64-debian-gcc | 0.1.6 | 22.06 | 12.85 | 34.91 | NOTE | |
r-devel-linux-x86_64-fedora-clang | 0.1.6 | 72.27 | NOTE | |||
r-devel-linux-x86_64-fedora-gcc | 0.1.6 | 67.22 | NOTE | |||
r-devel-osx-x86_64-clang | 0.1.6 | 48.53 | NOTE | |||
r-devel-windows-ix86+x86_64 | 0.1.6 | 69.00 | 38.00 | 107.00 | NOTE | |
r-patched-linux-x86_64 | 0.1.6 | 22.10 | 13.38 | 35.47 | NOTE | |
r-patched-solaris-sparc | 0.1.6 | 301.60 | ERROR | |||
r-patched-solaris-x86 | 0.1.6 | 58.60 | ERROR | |||
r-release-linux-ix86 | 0.1.6 | 28.30 | 19.60 | 47.90 | NOTE | |
r-release-linux-x86_64 | 0.1.6 | 22.25 | 13.18 | 35.43 | NOTE | |
r-release-osx-x86_64-mavericks | 0.1.6 | NOTE | ||||
r-release-osx-x86_64-snowleopard | 0.1.6 | OK | ||||
r-release-windows-ix86+x86_64 | 0.1.6 | 99.00 | 40.00 | 139.00 | NOTE | |
r-oldrel-windows-ix86+x86_64 | 0.1.6 | 69.00 | 37.00 | 106.00 | NOTE |
Version: 0.1.6
Check: dependencies in R code
Result: NOTE
Package in Depends field not imported from: ‘Rcpp’
These packages need to be imported from (in the NAMESPACE file)
for when this namespace is loaded but not attached.
See the information on DESCRIPTION files in the chapter ‘Creating R
packages’ of the ‘Writing R Extensions’ manual.
Flavors: r-devel-linux-x86_64-debian-clang, r-devel-linux-x86_64-debian-gcc, r-devel-linux-x86_64-fedora-clang, r-devel-linux-x86_64-fedora-gcc, r-devel-osx-x86_64-clang, r-devel-windows-ix86+x86_64, r-patched-linux-x86_64, r-release-linux-ix86, r-release-linux-x86_64, r-release-osx-x86_64-mavericks, r-release-windows-ix86+x86_64, r-oldrel-windows-ix86+x86_64
Version: 0.1.6
Check: whether package can be installed
Result: ERROR
Installation failed.
Flavors: r-patched-solaris-sparc, r-patched-solaris-x86