Last updated on 2014-09-12 01:48:14.
Flavor | Version | Tinstall | Tcheck | Ttotal | Status | Flags |
---|---|---|---|---|---|---|
r-devel-linux-x86_64-debian-clang | 1.55 | 2.06 | 53.07 | 55.12 | NOTE | |
r-devel-linux-x86_64-debian-gcc | 1.55 | 1.90 | 54.95 | 56.86 | NOTE | |
r-devel-linux-x86_64-fedora-clang | 1.55 | 101.83 | NOTE | |||
r-devel-linux-x86_64-fedora-gcc | 1.55 | 100.71 | NOTE | |||
r-devel-osx-x86_64-clang | 1.55 | 84.29 | NOTE | |||
r-devel-windows-ix86+x86_64 | 1.55 | 7.00 | 71.00 | 78.00 | NOTE | |
r-patched-linux-x86_64 | 1.55 | 2.00 | 57.22 | 59.22 | NOTE | |
r-patched-solaris-sparc | 1.55 | 588.80 | NOTE | |||
r-patched-solaris-x86 | 1.55 | 123.40 | NOTE | |||
r-release-linux-ix86 | 1.55 | 2.58 | 76.77 | 79.35 | NOTE | |
r-release-linux-x86_64 | 1.55 | 2.01 | 59.45 | 61.46 | NOTE | |
r-release-osx-x86_64-mavericks | 1.55 | NOTE | ||||
r-release-osx-x86_64-snowleopard | 1.55 | NOTE | ||||
r-release-windows-ix86+x86_64 | 1.55 | 7.00 | 83.00 | 90.00 | NOTE | |
r-oldrel-windows-ix86+x86_64 | 1.55 | 6.00 | 81.00 | 87.00 | NOTE |
Version: 1.55
Check: data for non-ASCII characters
Result: NOTE
Note: found 6 marked UTF-8 strings
Flavors: r-devel-linux-x86_64-debian-clang, r-devel-linux-x86_64-debian-gcc, r-devel-linux-x86_64-fedora-clang, r-devel-linux-x86_64-fedora-gcc, r-devel-osx-x86_64-clang, r-devel-windows-ix86+x86_64, r-patched-linux-x86_64, r-patched-solaris-sparc, r-patched-solaris-x86, r-release-linux-ix86, r-release-linux-x86_64, r-release-osx-x86_64-mavericks, r-release-osx-x86_64-snowleopard, r-release-windows-ix86+x86_64, r-oldrel-windows-ix86+x86_64