Last updated on 2014-09-12 01:48:14.
Flavor | Version | Tinstall | Tcheck | Ttotal | Status | Flags |
---|---|---|---|---|---|---|
r-devel-linux-x86_64-debian-clang | 0.2-2 | 36.61 | 14.94 | 51.55 | NOTE | |
r-devel-linux-x86_64-debian-gcc | 0.2-2 | 44.64 | 14.60 | 59.24 | NOTE | |
r-devel-linux-x86_64-fedora-clang | 0.2-2 | 146.42 | NOTE | |||
r-devel-linux-x86_64-fedora-gcc | 0.2-2 | 107.29 | NOTE | |||
r-devel-osx-x86_64-clang | 0.2-2 | 112.93 | OK | |||
r-devel-windows-ix86+x86_64 | 0.2-2 | 193.00 | 51.00 | 244.00 | OK | |
r-patched-linux-x86_64 | 0.2-2 | 44.70 | 15.48 | 60.19 | NOTE | |
r-patched-solaris-sparc | 0.2-2 | 734.60 | NOTE | |||
r-patched-solaris-x86 | 0.2-2 | 150.90 | NOTE | |||
r-release-linux-ix86 | 0.2-2 | 60.86 | 22.62 | 83.48 | NOTE | |
r-release-linux-x86_64 | 0.2-2 | 44.58 | 15.93 | 60.51 | NOTE | |
r-release-osx-x86_64-mavericks | 0.2-2 | NOTE | ||||
r-release-osx-x86_64-snowleopard | 0.2-2 | NOTE | ||||
r-release-windows-ix86+x86_64 | 0.2-2 | 249.00 | 48.00 | 297.00 | OK | |
r-oldrel-windows-ix86+x86_64 | 0.2-2 | 173.00 | 59.00 | 232.00 | OK |
Version: 0.2-2
Check: installed package size
Result: NOTE
installed size is 6.2Mb
sub-directories of 1Mb or more:
libs 6.1Mb
Flavors: r-devel-linux-x86_64-debian-clang, r-devel-linux-x86_64-debian-gcc, r-devel-linux-x86_64-fedora-clang, r-devel-linux-x86_64-fedora-gcc, r-patched-linux-x86_64, r-patched-solaris-sparc, r-patched-solaris-x86, r-release-linux-ix86, r-release-linux-x86_64, r-release-osx-x86_64-mavericks, r-release-osx-x86_64-snowleopard