CRAN Package Check Results for Package SemiParSampleSel

Last updated on 2014-09-12 01:48:16.

Flavor Version Tinstall Tcheck Ttotal Status Flags
r-devel-linux-x86_64-debian-clang 1.1-1 5.82 64.64 70.46 OK
r-devel-linux-x86_64-debian-gcc 1.1-1 4.21 63.74 67.95 OK
r-devel-linux-x86_64-fedora-clang 1.1-1 162.10 OK
r-devel-linux-x86_64-fedora-gcc 1.1-1 164.77 OK
r-devel-osx-x86_64-clang 1.1-1 120.58 OK
r-devel-windows-ix86+x86_64 1.1-1 12.00 89.00 101.00 OK
r-patched-linux-x86_64 1.1-1 4.47 67.78 72.25 OK
r-patched-solaris-sparc 1.1-1 840.40 OK
r-patched-solaris-x86 1.1-1 208.50 OK
r-release-linux-ix86 1.1-1 5.31 82.43 87.74 OK
r-release-linux-x86_64 1.1-1 4.50 70.50 75.00 OK
r-release-osx-x86_64-mavericks 1.1-1 ERROR
r-release-osx-x86_64-snowleopard 1.1-1 OK
r-release-windows-ix86+x86_64 1.1-1 14.00 102.00 116.00 OK
r-oldrel-windows-ix86+x86_64 1.1-1 12.00 92.00 104.00 OK

Check Details

Version: 1.1-1
Check: package dependencies
Result: ERROR
    Package required but not available: ‘copula’
    
    See the information on DESCRIPTION files in the chapter ‘Creating R
    packages’ of the ‘Writing R Extensions’ manual.
Flavor: r-release-osx-x86_64-mavericks