Last updated on 2014-09-12 01:48:19.
Flavor | Version | Tinstall | Tcheck | Ttotal | Status | Flags |
---|---|---|---|---|---|---|
r-devel-linux-x86_64-debian-clang | 2013.9-1 | 1.39 | 17.25 | 18.64 | OK | |
r-devel-linux-x86_64-debian-gcc | 2013.9-1 | 1.34 | 16.64 | 17.98 | OK | |
r-devel-linux-x86_64-fedora-clang | 2013.9-1 | 40.02 | OK | |||
r-devel-linux-x86_64-fedora-gcc | 2013.9-1 | 44.33 | OK | |||
r-devel-osx-x86_64-clang | 2013.9-1 | 40.87 | NOTE | |||
r-devel-windows-ix86+x86_64 | 2013.9-1 | 4.00 | 30.00 | 34.00 | NOTE | |
r-patched-linux-x86_64 | 2013.9-1 | 1.35 | 18.73 | 20.08 | OK | |
r-patched-solaris-sparc | 2013.9-1 | 235.70 | NOTE | |||
r-patched-solaris-x86 | 2013.9-1 | 63.70 | NOTE | |||
r-release-linux-ix86 | 2013.9-1 | 1.84 | 28.24 | 30.08 | OK | |
r-release-linux-x86_64 | 2013.9-1 | 1.48 | 19.34 | 20.82 | OK | |
r-release-osx-x86_64-mavericks | 2013.9-1 | NOTE | ||||
r-release-osx-x86_64-snowleopard | 2013.9-1 | NOTE | ||||
r-release-windows-ix86+x86_64 | 2013.9-1 | 4.00 | 32.00 | 36.00 | NOTE | |
r-oldrel-windows-ix86+x86_64 | 2013.9-1 | 4.00 | 32.00 | 36.00 | NOTE |
Version: 2013.9-1
Check: Rd cross-references
Result: NOTE
Package unavailable to check Rd xrefs: ‘TSMySQL’
Flavors: r-devel-osx-x86_64-clang, r-devel-windows-ix86+x86_64, r-patched-solaris-sparc, r-patched-solaris-x86, r-release-windows-ix86+x86_64, r-oldrel-windows-ix86+x86_64
Version: 2013.9-1
Check: Rd cross-references
Result: NOTE
Packages unavailable to check Rd xrefs: ‘TSMySQL’, ‘TSPostgreSQL’
Flavor: r-release-osx-x86_64-mavericks
Version: 2013.9-1
Check: Rd cross-references
Result: NOTE
Packages unavailable to check Rd xrefs: 'TSSQLite', 'TSMySQL', 'TSPostgreSQL'
Flavor: r-release-osx-x86_64-snowleopard