Last updated on 2014-09-12 01:48:19.
Flavor | Version | Tinstall | Tcheck | Ttotal | Status | Flags |
---|---|---|---|---|---|---|
r-devel-linux-x86_64-debian-clang | 1.0 | 0.72 | 12.94 | 13.66 | OK | |
r-devel-linux-x86_64-debian-gcc | 1.0 | 0.66 | 13.02 | 13.68 | OK | |
r-devel-linux-x86_64-fedora-clang | 1.0 | 27.92 | NOTE | |||
r-devel-linux-x86_64-fedora-gcc | 1.0 | 28.33 | NOTE | |||
r-devel-osx-x86_64-clang | 1.0 | 27.85 | OK | |||
r-devel-windows-ix86+x86_64 | 1.0 | 2.00 | 21.00 | 23.00 | OK | |
r-patched-linux-x86_64 | 1.0 | 0.66 | 13.20 | 13.87 | OK | |
r-patched-solaris-sparc | 1.0 | 168.80 | OK | |||
r-patched-solaris-x86 | 1.0 | 38.40 | OK | |||
r-release-linux-ix86 | 1.0 | 1.07 | 19.60 | 20.67 | OK | |
r-release-linux-x86_64 | 1.0 | 0.69 | 13.54 | 14.22 | OK | |
r-release-osx-x86_64-mavericks | 1.0 | OK | ||||
r-release-osx-x86_64-snowleopard | 1.0 | OK | ||||
r-release-windows-ix86+x86_64 | 1.0 | 4.00 | 23.00 | 27.00 | OK | |
r-oldrel-windows-ix86+x86_64 | 1.0 | 2.00 | 23.00 | 25.00 | OK |
Version: 1.0
Check: top-level files
Result: NOTE
Non-standard file/directory found at top level:
‘doc’
Flavors: r-devel-linux-x86_64-fedora-clang, r-devel-linux-x86_64-fedora-gcc