Last updated on 2014-09-12 01:47:59.
Flavor | Version | Tinstall | Tcheck | Ttotal | Status | Flags |
---|---|---|---|---|---|---|
r-devel-linux-x86_64-debian-clang | 2.0 | 1.62 | 237.56 | 239.19 | NOTE | |
r-devel-linux-x86_64-debian-gcc | 2.0 | 1.55 | 260.55 | 262.10 | NOTE | |
r-devel-linux-x86_64-fedora-clang | 2.0 | 298.35 | NOTE | --no-build-vignettes | ||
r-devel-linux-x86_64-fedora-gcc | 2.0 | 324.51 | NOTE | --no-build-vignettes | ||
r-devel-osx-x86_64-clang | 2.0 | 259.32 | NOTE | --no-build-vignettes | ||
r-devel-windows-ix86+x86_64 | 2.0 | 6.00 | 65.00 | 71.00 | NOTE | --no-vignettes |
r-patched-linux-x86_64 | 2.0 | 1.67 | 265.36 | 267.03 | NOTE | |
r-patched-solaris-sparc | 2.0 | 596.90 | NOTE | --no-vignettes | ||
r-patched-solaris-x86 | 2.0 | 749.60 | NOTE | |||
r-release-linux-ix86 | 2.0 | 2.28 | 426.32 | 428.61 | NOTE | |
r-release-linux-x86_64 | 2.0 | 1.85 | 272.29 | 274.14 | NOTE | |
r-release-osx-x86_64-mavericks | 2.0 | NOTE | ||||
r-release-osx-x86_64-snowleopard | 2.0 | NOTE | ||||
r-release-windows-ix86+x86_64 | 2.0 | 6.00 | 62.00 | 68.00 | NOTE | --no-vignettes |
r-oldrel-windows-ix86+x86_64 | 2.0 | 6.00 | 65.00 | 71.00 | NOTE | --no-vignettes |
Version: 2.0
Check: installed package size
Result: NOTE
installed size is 5.2Mb
sub-directories of 1Mb or more:
data 4.7Mb
Flavors: r-devel-linux-x86_64-debian-clang, r-devel-linux-x86_64-debian-gcc, r-patched-linux-x86_64, r-patched-solaris-x86, r-release-linux-ix86, r-release-linux-x86_64, r-release-osx-x86_64-mavericks, r-release-osx-x86_64-snowleopard
Version: 2.0
Flags: --no-build-vignettes
Check: installed package size
Result: NOTE
installed size is 5.2Mb
sub-directories of 1Mb or more:
data 4.7Mb
Flavors: r-devel-linux-x86_64-fedora-clang, r-devel-linux-x86_64-fedora-gcc, r-devel-osx-x86_64-clang
Version: 2.0
Flags: --no-vignettes
Check: installed package size
Result: NOTE
installed size is 5.2Mb
sub-directories of 1Mb or more:
data 4.7Mb
Flavors: r-devel-windows-ix86+x86_64, r-patched-solaris-sparc, r-release-windows-ix86+x86_64, r-oldrel-windows-ix86+x86_64