Last updated on 2014-09-12 01:47:59.
Flavor | Version | Tinstall | Tcheck | Ttotal | Status | Flags |
---|---|---|---|---|---|---|
r-devel-linux-x86_64-debian-clang | 0.3-2 | 2.28 | 30.19 | 32.47 | NOTE | |
r-devel-linux-x86_64-debian-gcc | 0.3-2 | 2.22 | 30.81 | 33.03 | NOTE | |
r-devel-linux-x86_64-fedora-clang | 0.3-2 | 63.96 | NOTE | |||
r-devel-linux-x86_64-fedora-gcc | 0.3-2 | 61.93 | NOTE | |||
r-devel-osx-x86_64-clang | 0.3-2 | 58.77 | NOTE | |||
r-devel-windows-ix86+x86_64 | 0.3-2 | 11.00 | 62.00 | 73.00 | NOTE | |
r-patched-linux-x86_64 | 0.3-2 | 2.29 | 31.70 | 33.99 | NOTE | |
r-patched-solaris-sparc | 0.3-2 | 377.30 | NOTE | |||
r-patched-solaris-x86 | 0.3-2 | 87.20 | NOTE | |||
r-release-linux-ix86 | 0.3-2 | 3.85 | 43.76 | 47.61 | OK | |
r-release-linux-x86_64 | 0.3-2 | 5.10 | 32.06 | 37.16 | OK | |
r-release-osx-x86_64-mavericks | 0.3-2 | OK | ||||
r-release-osx-x86_64-snowleopard | 0.3-2 | OK | ||||
r-release-windows-ix86+x86_64 | 0.3-2 | 11.00 | 66.00 | 77.00 | OK | |
r-oldrel-windows-ix86+x86_64 | 0.3-2 | 11.00 | 70.00 | 81.00 | OK |
Version: 0.3-2
Check: dependencies in R code
Result: NOTE
Package in Depends field not imported from: ‘parallel’
These packages need to be imported from (in the NAMESPACE file)
for when this namespace is loaded but not attached.
See the information on DESCRIPTION files in the chapter ‘Creating R
packages’ of the ‘Writing R Extensions’ manual.
Flavors: r-devel-linux-x86_64-debian-clang, r-devel-linux-x86_64-debian-gcc, r-devel-linux-x86_64-fedora-clang, r-devel-linux-x86_64-fedora-gcc, r-devel-osx-x86_64-clang, r-devel-windows-ix86+x86_64, r-patched-linux-x86_64, r-patched-solaris-sparc, r-patched-solaris-x86
Version: 0.3-2
Check: R code for possible problems
Result: NOTE
cov.mc: no visible global function definition for ‘mclapply’
cov.pi: no visible global function definition for ‘mclapply’
Flavors: r-devel-linux-x86_64-debian-clang, r-devel-linux-x86_64-debian-gcc, r-devel-linux-x86_64-fedora-clang, r-devel-linux-x86_64-fedora-gcc, r-devel-osx-x86_64-clang, r-devel-windows-ix86+x86_64