CRAN Package Check Results for Package babynames

Last updated on 2014-09-12 01:48:00.

Flavor Version Tinstall Tcheck Ttotal Status Flags
r-devel-linux-x86_64-debian-clang 0.1 7.24 13.75 20.99 NOTE
r-devel-linux-x86_64-debian-gcc 0.1 7.49 13.56 21.05 NOTE
r-devel-linux-x86_64-fedora-clang 0.1 43.22 NOTE
r-devel-linux-x86_64-fedora-gcc 0.1 44.94 NOTE
r-devel-osx-x86_64-clang 0.1 40.65 NOTE
r-devel-windows-ix86+x86_64 0.1 11.00 23.00 34.00 NOTE
r-patched-linux-x86_64 0.1 7.30 13.59 20.89 NOTE
r-patched-solaris-sparc 0.1 316.60 NOTE
r-patched-solaris-x86 0.1 77.50 NOTE
r-release-linux-ix86 0.1 11.05 21.56 32.61 NOTE
r-release-linux-x86_64 0.1 7.38 13.54 20.93 NOTE
r-release-osx-x86_64-mavericks 0.1 NOTE
r-release-osx-x86_64-snowleopard 0.1 NOTE
r-release-windows-ix86+x86_64 0.1 15.00 23.00 38.00 NOTE

Check Details

Version: 0.1
Check: installed package size
Result: NOTE
     installed size is 8.7Mb
     sub-directories of 1Mb or more:
     data 8.6Mb
Flavors: r-devel-linux-x86_64-debian-clang, r-devel-linux-x86_64-debian-gcc, r-devel-linux-x86_64-fedora-clang, r-devel-linux-x86_64-fedora-gcc, r-devel-osx-x86_64-clang, r-devel-windows-ix86+x86_64, r-patched-linux-x86_64, r-patched-solaris-sparc, r-patched-solaris-x86, r-release-linux-ix86, r-release-linux-x86_64, r-release-osx-x86_64-mavericks, r-release-osx-x86_64-snowleopard, r-release-windows-ix86+x86_64