Last updated on 2014-09-12 01:48:00.
Flavor | Version | Tinstall | Tcheck | Ttotal | Status | Flags |
---|---|---|---|---|---|---|
r-devel-linux-x86_64-debian-clang | 1.0.17 | 1.30 | 76.93 | 78.22 | NOTE | |
r-devel-linux-x86_64-debian-gcc | 1.0.17 | 1.26 | 75.80 | 77.06 | NOTE | |
r-devel-linux-x86_64-fedora-clang | 1.0.17 | 163.74 | NOTE | |||
r-devel-linux-x86_64-fedora-gcc | 1.0.17 | 162.25 | NOTE | |||
r-devel-osx-x86_64-clang | 1.0.17 | 133.20 | NOTE | |||
r-devel-windows-ix86+x86_64 | 1.0.17 | 4.00 | 119.00 | 123.00 | NOTE | |
r-patched-linux-x86_64 | 1.0.17 | 1.44 | 81.62 | 83.06 | OK | |
r-patched-solaris-sparc | 1.0.17 | 968.00 | OK | |||
r-patched-solaris-x86 | 1.0.17 | 205.30 | OK | |||
r-release-linux-ix86 | 1.0.17 | 1.80 | 108.47 | 110.26 | OK | |
r-release-linux-x86_64 | 1.0.17 | 1.46 | 81.91 | 83.37 | OK | |
r-release-osx-x86_64-mavericks | 1.0.17 | OK | ||||
r-release-osx-x86_64-snowleopard | 1.0.17 | OK | ||||
r-release-windows-ix86+x86_64 | 1.0.17 | 6.00 | 134.00 | 140.00 | OK | |
r-oldrel-windows-ix86+x86_64 | 1.0.17 | 5.00 | 129.00 | 134.00 | OK |
Version: 1.0.17
Check: R code for possible problems
Result: NOTE
splom.slice : up0: no visible global function definition for
‘panel.points’
splom.slice: no visible binding for global variable ‘diag.panel.splom’
xyplot.slice : pfun: no visible global function definition for
‘panel.xyplot’
xyplot.slice : pfun: no visible global function definition for
‘panel.abline’
xyplot.slice : pfun: no visible global function definition for
‘panel.number’
Flavors: r-devel-linux-x86_64-debian-clang, r-devel-linux-x86_64-debian-gcc, r-devel-linux-x86_64-fedora-clang, r-devel-linux-x86_64-fedora-gcc, r-devel-osx-x86_64-clang, r-devel-windows-ix86+x86_64