Last updated on 2014-09-12 01:48:00.
Flavor | Version | Tinstall | Tcheck | Ttotal | Status | Flags |
---|---|---|---|---|---|---|
r-devel-linux-x86_64-debian-clang | 1.0.2 | 3.35 | 35.78 | 39.12 | NOTE | |
r-devel-linux-x86_64-debian-gcc | 1.0.2 | 3.25 | 34.18 | 37.43 | NOTE | |
r-devel-linux-x86_64-fedora-clang | 1.0.2 | 92.34 | NOTE | |||
r-devel-linux-x86_64-fedora-gcc | 1.0.2 | 89.68 | NOTE | |||
r-devel-osx-x86_64-clang | 1.0.2 | 73.15 | NOTE | |||
r-devel-windows-ix86+x86_64 | 1.0.2 | 9.00 | 54.00 | 63.00 | NOTE | |
r-patched-linux-x86_64 | 1.0.2 | 3.47 | 38.72 | 42.19 | NOTE | |
r-patched-solaris-sparc | 1.0.2 | 536.00 | NOTE | |||
r-patched-solaris-x86 | 1.0.2 | 129.70 | NOTE | |||
r-release-linux-ix86 | 1.0.2 | 4.24 | 48.18 | 52.42 | NOTE | |
r-release-linux-x86_64 | 1.0.2 | 3.63 | 37.90 | 41.54 | NOTE | |
r-release-osx-x86_64-mavericks | 1.0.2 | NOTE | ||||
r-release-osx-x86_64-snowleopard | 1.0.2 | OK | ||||
r-release-windows-ix86+x86_64 | 1.0.2 | 9.00 | 57.00 | 66.00 | NOTE | |
r-oldrel-windows-ix86+x86_64 | 1.0.2 | 11.00 | 55.00 | 66.00 | NOTE |
Version: 1.0.2
Check: dependencies in R code
Result: NOTE
Packages in Depends field not imported from:
‘Matrix’ ‘c3net’ ‘igraph’ ‘infotheo’ ‘lattice’
These packages need to be imported from (in the NAMESPACE file)
for when this namespace is loaded but not attached.
See the information on DESCRIPTION files in the chapter ‘Creating R
packages’ of the ‘Writing R Extensions’ manual.
Flavors: r-devel-linux-x86_64-debian-clang, r-devel-linux-x86_64-debian-gcc, r-devel-linux-x86_64-fedora-clang, r-devel-linux-x86_64-fedora-gcc, r-devel-osx-x86_64-clang, r-devel-windows-ix86+x86_64, r-patched-linux-x86_64, r-patched-solaris-sparc, r-patched-solaris-x86, r-release-linux-ix86, r-release-linux-x86_64, r-release-osx-x86_64-mavericks, r-release-windows-ix86+x86_64, r-oldrel-windows-ix86+x86_64
Version: 1.0.2
Check: R code for possible problems
Result: NOTE
.mat2igraph: no visible global function definition for
‘graph.data.frame’
.mat2igraph: no visible global function definition for ‘E’
.mat2igraph: no visible global function definition for ‘E<-’
.mat2igraph: no visible global function definition for ‘V’
.mat2igraph: no visible global function definition for ‘add.vertices’
.mat2igraph: no visible global function definition for ‘V<-’
.mat2igraph: no visible global function definition for ‘graph’
bc3net: no visible global function definition for ‘c3’
bc3net: no visible global function definition for ‘forceSymmetric’
c3mtc: no visible global function definition for ‘c3’
c3mtc: no visible global function definition for ‘forceSymmetric’
mimwrap: no visible global function definition for ‘discretize’
mimwrap: no visible global function definition for ‘mutinformation’
Flavors: r-devel-linux-x86_64-debian-clang, r-devel-linux-x86_64-debian-gcc, r-devel-linux-x86_64-fedora-clang, r-devel-linux-x86_64-fedora-gcc, r-devel-osx-x86_64-clang, r-devel-windows-ix86+x86_64
Version: 1.0.2
Check: top-level files
Result: NOTE
Non-standard file/directory found at top level:
‘docs’
Flavors: r-devel-linux-x86_64-fedora-clang, r-devel-linux-x86_64-fedora-gcc