Last updated on 2014-09-12 01:48:01.
Flavor | Version | Tinstall | Tcheck | Ttotal | Status | Flags |
---|---|---|---|---|---|---|
r-devel-linux-x86_64-debian-clang | 1.1 | 5.77 | 66.12 | 71.89 | NOTE | |
r-devel-linux-x86_64-debian-gcc | 1.1 | 6.43 | 63.96 | 70.40 | NOTE | |
r-devel-linux-x86_64-fedora-clang | 1.1 | 152.01 | NOTE | |||
r-devel-linux-x86_64-fedora-gcc | 1.1 | 150.81 | NOTE | |||
r-devel-osx-x86_64-clang | 1.1 | 116.10 | NOTE | |||
r-devel-windows-ix86+x86_64 | 1.1 | 19.00 | 90.00 | 109.00 | NOTE | |
r-patched-linux-x86_64 | 1.1 | 6.05 | 66.54 | 72.59 | OK | |
r-patched-solaris-sparc | 1.1 | 865.80 | OK | |||
r-patched-solaris-x86 | 1.1 | 209.50 | OK | |||
r-release-linux-ix86 | 1.1 | 7.26 | 88.32 | 95.59 | OK | |
r-release-linux-x86_64 | 1.1 | 6.10 | 67.99 | 74.08 | OK | |
r-release-osx-x86_64-mavericks | 1.1 | ERROR | ||||
r-release-osx-x86_64-snowleopard | 1.1 | OK | ||||
r-release-windows-ix86+x86_64 | 1.1 | 16.00 | 98.00 | 114.00 | OK | |
r-oldrel-windows-ix86+x86_64 | 1.1 | 18.00 | 94.00 | 112.00 | OK |
Version: 1.1
Check: R code for possible problems
Result: NOTE
draw.map: no visible binding for global variable ‘coastEU’
draw.map: no visible binding for global variable ‘coastpaleo’
place2name: no visible binding for global variable ‘places’
Flavors: r-devel-linux-x86_64-debian-clang, r-devel-linux-x86_64-debian-gcc, r-devel-linux-x86_64-fedora-clang, r-devel-linux-x86_64-fedora-gcc, r-devel-osx-x86_64-clang, r-devel-windows-ix86+x86_64
Version: 1.1
Check: package dependencies
Result: ERROR
Packages required but not available: ‘rgdal’ ‘rgeos’
See the information on DESCRIPTION files in the chapter ‘Creating R
packages’ of the ‘Writing R Extensions’ manual.
Flavor: r-release-osx-x86_64-mavericks