Last updated on 2014-09-12 01:48:01.
Flavor | Version | Tinstall | Tcheck | Ttotal | Status | Flags |
---|---|---|---|---|---|---|
r-devel-linux-x86_64-debian-clang | 0.5 | 3.36 | 47.84 | 51.20 | OK | |
r-devel-linux-x86_64-debian-gcc | 0.5 | 3.28 | 47.41 | 50.69 | OK | |
r-devel-linux-x86_64-fedora-clang | 0.5 | 110.95 | OK | |||
r-devel-linux-x86_64-fedora-gcc | 0.5 | 108.81 | OK | |||
r-devel-osx-x86_64-clang | 0.5 | 88.28 | OK | |||
r-devel-windows-ix86+x86_64 | 0.5 | 12.00 | 81.00 | 93.00 | OK | |
r-patched-linux-x86_64 | 0.5 | 3.50 | 50.11 | 53.61 | OK | |
r-patched-solaris-sparc | 0.5 | 639.80 | OK | |||
r-patched-solaris-x86 | 0.5 | 151.00 | OK | |||
r-release-linux-ix86 | 0.5 | 4.37 | 61.59 | 65.96 | OK | |
r-release-linux-x86_64 | 0.5 | 4.24 | 51.17 | 55.41 | OK | |
r-release-osx-x86_64-mavericks | 0.5 | ERROR | ||||
r-release-osx-x86_64-snowleopard | 0.5 | OK | ||||
r-release-windows-ix86+x86_64 | 0.5 | 11.00 | 81.00 | 92.00 | OK | |
r-oldrel-windows-ix86+x86_64 | 0.5 | 13.00 | 86.00 | 99.00 | OK |
Version: 0.5
Check: package dependencies
Result: ERROR
Package required but not available: ‘rgdal’
See the information on DESCRIPTION files in the chapter ‘Creating R
packages’ of the ‘Writing R Extensions’ manual.
Flavor: r-release-osx-x86_64-mavericks