Last updated on 2014-09-12 01:48:03.
Flavor | Version | Tinstall | Tcheck | Ttotal | Status | Flags |
---|---|---|---|---|---|---|
r-devel-linux-x86_64-debian-clang | 1.0.6 | 24.39 | 22.96 | 47.35 | NOTE | |
r-devel-linux-x86_64-debian-gcc | 1.0.6 | 29.59 | 21.88 | 51.47 | NOTE | |
r-devel-linux-x86_64-fedora-clang | 1.0.6 | 97.05 | WARN | |||
r-devel-linux-x86_64-fedora-gcc | 1.0.6 | 98.22 | NOTE | |||
r-devel-osx-x86_64-clang | 1.0.6 | 69.74 | WARN | |||
r-devel-windows-ix86+x86_64 | 1.0.6 | 100.00 | 48.00 | 148.00 | NOTE | |
r-patched-linux-x86_64 | 1.0.6 | 29.02 | 22.84 | 51.86 | OK | |
r-patched-solaris-sparc | 1.0.6 | 531.00 | OK | |||
r-patched-solaris-x86 | 1.0.6 | 128.40 | OK | |||
r-release-linux-ix86 | 1.0.6 | 38.14 | 33.82 | 71.96 | OK | |
r-release-linux-x86_64 | 1.0.6 | 28.77 | 23.89 | 52.66 | OK | |
r-release-osx-x86_64-mavericks | 1.0.6 | OK | ||||
r-release-osx-x86_64-snowleopard | 1.0.6 | OK | ||||
r-release-windows-ix86+x86_64 | 1.0.6 | 103.00 | 51.00 | 154.00 | NOTE | |
r-oldrel-windows-ix86+x86_64 | 1.0.6 | 102.00 | 51.00 | 153.00 | NOTE |
Version: 1.0.6
Check: compiled code
Result: NOTE
File ‘ddalpha/libs/ddalpha.so’:
Found ‘rand’, possibly from ‘rand’ (C)
Object: ‘ZonoidDepth.o’
Compiled code should not call entry points which might terminate R nor
write to stdout/stderr instead of to the console, nor the C RNG.
See ‘Writing portable packages’ in the ‘Writing R Extensions’ manual.
Flavors: r-devel-linux-x86_64-debian-clang, r-devel-linux-x86_64-debian-gcc, r-devel-linux-x86_64-fedora-clang, r-devel-linux-x86_64-fedora-gcc
Version: 1.0.6
Check: whether package can be installed
Result: WARN
Found the following significant warnings:
/data/gannet/ripley/R/test-clang/BH/include/boost/cstdint.hpp:300:35: warning: 'long long' is a C++11 extension [-Wc++11-long-long]
/data/gannet/ripley/R/test-clang/BH/include/boost/cstdint.hpp:300:49: warning: 'long long' is a C++11 extension [-Wc++11-long-long]
/data/gannet/ripley/R/test-clang/BH/include/boost/cstdint.hpp:300:105: warning: 'long long' is a C++11 extension [-Wc++11-long-long]
/data/gannet/ripley/R/test-clang/BH/include/boost/cstdint.hpp:300:123: warning: 'long long' is a C++11 extension [-Wc++11-long-long]
/data/gannet/ripley/R/test-clang/BH/include/boost/cstdint.hpp:300:195: warning: 'long long' is a C++11 extension [-Wc++11-long-long]
Flavor: r-devel-linux-x86_64-fedora-clang
Version: 1.0.6
Check: whether package can be installed
Result: WARN
Found the following significant warnings:
/Users/ripley/R/test-3.2/BH/include/boost/random/mersenne_twister.hpp:493:5: warning: 'long long' is a C++11 extension [-Wc++11-long-long]
/Users/ripley/R/test-3.2/BH/include/boost/random/mersenne_twister.hpp:493:37: warning: 'long long' is a C++11 extension [-Wc++11-long-long]
/Users/ripley/R/test-3.2/BH/include/boost/random/mersenne_twister.hpp:494:5: warning: 'long long' is a C++11 extension [-Wc++11-long-long]
/Users/ripley/R/test-3.2/BH/include/boost/random/mersenne_twister.hpp:494:37: warning: 'long long' is a C++11 extension [-Wc++11-long-long]
/Users/ripley/R/test-3.2/BH/include/boost/random/mersenne_twister.hpp:495:5: warning: 'long long' is a C++11 extension [-Wc++11-long-long]
Flavor: r-devel-osx-x86_64-clang
Version: 1.0.6
Check: compiled code
Result: NOTE
File ‘ddalpha/libs/ddalpha.so’:
Found ‘_rand’, possibly from ‘rand’ (C)
Object: ‘ZonoidDepth.o’
Compiled code should not call entry points which might terminate R nor
write to stdout/stderr instead of to the console, nor the C RNG.
See ‘Writing portable packages’ in the ‘Writing R Extensions’ manual.
Flavor: r-devel-osx-x86_64-clang
Version: 1.0.6
Check: compiled code
Result: NOTE
File 'ddalpha/libs/i386/ddalpha.dll':
Found '_ZSt4cerr', possibly from 'std::cerr' (C++)
Object: 'Knn.o'
Found 'rand', possibly from 'rand' (C)
Object: 'ZonoidDepth.o'
File 'ddalpha/libs/x64/ddalpha.dll':
Found '_ZSt4cerr', possibly from 'std::cerr' (C++)
Object: 'Knn.o'
Found 'rand', possibly from 'rand' (C)
Object: 'ZonoidDepth.o'
Compiled code should not call entry points which might terminate R nor
write to stdout/stderr instead of to the console, nor the C RNG.
See 'Writing portable packages' in the 'Writing R Extensions' manual.
Flavor: r-devel-windows-ix86+x86_64
Version: 1.0.6
Check: compiled code
Result: NOTE
File 'd:/Rcompile/CRANpkg/lib/3.1/ddalpha/libs/i386/ddalpha.dll':
Found '_ZSt4cerr', possibly from 'std::cerr' (C++)
Object: 'Knn.o'
File 'd:/Rcompile/CRANpkg/lib/3.1/ddalpha/libs/x64/ddalpha.dll':
Found '_ZSt4cerr', possibly from 'std::cerr' (C++)
Object: 'Knn.o'
Compiled code should not call entry points which might terminate R nor
write to stdout/stderr instead of to the console.
See 'Writing portable packages' in the 'Writing R Extensions' manual.
Flavor: r-release-windows-ix86+x86_64
Version: 1.0.6
Check: compiled code
Result: NOTE
File 'd:/Rcompile/CRANpkg/lib/3.0/ddalpha/libs/i386/ddalpha.dll':
Found '_ZSt4cerr', possibly from 'std::cerr' (C++)
Object: 'Knn.o'
File 'd:/Rcompile/CRANpkg/lib/3.0/ddalpha/libs/x64/ddalpha.dll':
Found '_ZSt4cerr', possibly from 'std::cerr' (C++)
Object: 'Knn.o'
Compiled code should not call entry points which might terminate R nor
write to stdout/stderr instead of to the console.
See 'Writing portable packages' in the 'Writing R Extensions' manual.
Flavor: r-oldrel-windows-ix86+x86_64