CRAN Package Check Results for Package debug

Last updated on 2014-09-12 01:48:03.

Flavor Version Tinstall Tcheck Ttotal Status Flags
r-devel-linux-x86_64-debian-clang 1.3.1 1.22 19.11 20.33 NOTE
r-devel-linux-x86_64-debian-gcc 1.3.1 1.20 19.08 20.28 NOTE
r-devel-linux-x86_64-fedora-clang 1.3.1 41.56 NOTE
r-devel-linux-x86_64-fedora-gcc 1.3.1 38.64 NOTE
r-devel-osx-x86_64-clang 1.3.1 43.09 NOTE
r-devel-windows-ix86+x86_64 1.3.1 4.00 26.00 30.00 NOTE
r-patched-linux-x86_64 1.3.1 1.32 19.64 20.96 NOTE
r-patched-solaris-sparc 1.3.1 262.50 NOTE
r-patched-solaris-x86 1.3.1 61.80 NOTE
r-release-linux-ix86 1.3.1 1.79 29.07 30.86 NOTE
r-release-linux-x86_64 1.3.1 1.28 20.44 21.72 NOTE
r-release-osx-x86_64-mavericks 1.3.1 NOTE
r-release-osx-x86_64-snowleopard 1.3.1 NOTE
r-release-windows-ix86+x86_64 1.3.1 5.00 29.00 34.00 NOTE
r-oldrel-windows-ix86+x86_64 1.3.1 3.00 28.00 31.00 NOTE

Check Details

Version: 1.3.1
Check: dependencies in R code
Result: NOTE
    There are ::: calls to the package's namespace in its code. A package
     almost never needs to use ::: for its own objects:
     ‘debug.Recall’ ‘debug.eval’ ‘debug.eval.guts’ ‘debug.fun.name’
     ‘evaluator’ ‘find.debug.HQ’ ‘mvb.sys.on.exit’ ‘stepping’
    See the information on DESCRIPTION files in the chapter ‘Creating R
    packages’ of the ‘Writing R Extensions’ manual.
Flavors: r-devel-linux-x86_64-debian-clang, r-devel-linux-x86_64-debian-gcc, r-devel-linux-x86_64-fedora-clang, r-devel-linux-x86_64-fedora-gcc, r-devel-osx-x86_64-clang, r-devel-windows-ix86+x86_64, r-patched-linux-x86_64, r-patched-solaris-sparc, r-patched-solaris-x86, r-release-linux-ix86, r-release-linux-x86_64, r-release-osx-x86_64-mavericks, r-release-osx-x86_64-snowleopard, r-release-windows-ix86+x86_64, r-oldrel-windows-ix86+x86_64

Version: 1.3.1
Check: R code for possible problems
Result: NOTE
    .end.incarnation: no visible binding for global variable ‘.frames.’
    .end.incarnation: no visible binding for global variable
     ‘line.list.win’
    .end.incarnation: no visible binding for global variable ‘bp.win’
    .end.incarnation: no visible binding for global variable ‘tcl.win’
    .end.incarnation: no visible binding for '<<-' assignment to ‘.frames.’
    .end.incarnation: no visible binding for global variable
     ‘debug.command.recall’
    .end.incarnation: no visible binding for global variable
     ‘debug.hist.file’
    .end.incarnation: no visible binding for global variable ‘.nothing.’
    .onAttach : f: no visible binding for global variable ‘blah’
    .update.debug.window: no visible binding for global variable ‘lno’
    .update.debug.window: no visible binding for global variable ‘textaroo’
    .update.debug.window: no visible binding for global variable
     ‘line.list.win’
    .update.debug.window: no visible binding for global variable
     ‘line.list’
    .update.debug.window: no visible binding for global variable
     ‘breakpoints’
    .update.debug.window: no visible global function definition for
     ‘mark.bp’
    .update.debug.window: no visible binding for global variable ‘bp.win’
    .update.window.with.on.exit: no visible binding for global variable
     ‘line.list’
    .update.window.with.on.exit: no visible binding for global variable
     ‘textaroo’
    .update.window.with.on.exit: no visible binding for global variable
     ‘line.list.win’
    .update.window.with.on.exit: no visible binding for global variable
     ‘orig.line.list.length’
    .update.window.with.on.exit: no visible binding for global variable
     ‘prev.line.list.length’
    .update.window.with.on.exit: no visible binding for global variable
     ‘bp.win’
    add.numbers: no visible global function definition for ‘parser’
    add.numbers: no visible binding for global variable ‘.’
    addnum.move.to.next.expr: no visible binding for global variable ‘expr’
    addnum.move.to.next.expr: no visible global function definition for
     ‘add.to.last.line’
    addnum.move.to.next.expr: no visible binding for global variable
     ‘suffix’
    addnum.move.to.next.expr: no visible global function definition for
     ‘ch’
    addnum.move.to.next.expr: no visible binding for global variable
     ‘indents’
    addnum.move.to.next.expr: no visible global function definition for
     ‘tabs’
    an: no visible global function definition for ‘parser’
    an: no visible binding for global variable ‘.’
    bp: no visible binding for '<<-' assignment to ‘.system.’
    bp: no visible binding for global variable ‘.frames.’
    bp: no visible binding for global variable ‘.nothing.’
    check.legality: no visible binding for global variable
     ‘dodgy.if.while.types’
    check.legality: no visible binding for global variable
     ‘dodgy.for.counter.types’
    check.legality: no visible binding for global variable
     ‘valid.switch.types’
    debug.break: no visible binding for '<<-' assignment to ‘.system.’
    debug.break: no visible binding for '<<-' assignment to
     ‘.print.result.’
    debug.break: no visible binding for global variable ‘expr’
    debug.break: no visible binding for global variable ‘i’
    debug.break: no visible binding for '<<-' assignment to
     ‘.evaluated.OK.’
    debug.break: no visible binding for '<<-' assignment to ‘i’
    debug.break: no visible binding for '<<-' assignment to ‘.skip.’
    debug.break: no visible binding for '<<-' assignment to ‘.skipto.’
    debug.break: no visible binding for global variable ‘j’
    debug.invisible: no visible binding for '<<-' assignment to
     ‘.print.result.’
    debug.invisible: no visible binding for global variable ‘.step.’
    debug.invisible: no visible global function definition for
     ‘debug.catfile’
    debug.next: no visible binding for '<<-' assignment to ‘.system.’
    debug.next: no visible binding for '<<-' assignment to ‘.print.result.’
    debug.next: no visible binding for global variable ‘expr’
    debug.next: no visible binding for global variable ‘i’
    debug.next: no visible binding for '<<-' assignment to ‘.evaluated.OK.’
    debug.next: no visible binding for '<<-' assignment to ‘i’
    debug.next: no visible binding for '<<-' assignment to ‘.skip.’
    debug.next: no visible binding for '<<-' assignment to ‘.skipto.’
    debug.next: no visible binding for global variable ‘j’
    debug.on.exit: no visible binding for global variable ‘i’
    debug.on.exit: no visible binding for global variable ‘expr’
    debug.on.exit: no visible binding for global variable
     ‘orig.breakpoint.length’
    debug.on.exit: no visible binding for global variable ‘line.list’
    debug.on.exit: no visible binding for '<<-' assignment to ‘line.list’
    debug.on.exit: no visible binding for global variable
     ‘orig.line.list.length’
    debug.on.exit: no visible binding for global variable ‘stopped.yet’
    debug.on.exit: no visible binding for global variable ‘breakpoints’
    debug.on.exit: no visible binding for '<<-' assignment to ‘breakpoints’
    debug.on.exit: no visible binding for '<<-' assignment to ‘expr’
    debug.on.exit: no visible binding for global variable ‘.nothing.’
    debug.q: no visible binding for global variable ‘.nothing.’
    debug.return: no visible binding for '<<-' assignment to ‘.skipto.’
    debug.return: no visible binding for '<<-' assignment to ‘.skip.’
    debug.return: no visible binding for '<<-' assignment to
     ‘.evaluated.OK.’
    debug.sys.on.exit: no visible binding for global variable ‘expr’
    enact.command.r: no visible binding for '<<-' assignment to
     ‘.evaluated.OK.’
    enact.command.r: no visible binding for '<<-' assignment to ‘.system.’
    enact.command.r: no visible binding for '<<-' assignment to
     ‘.print.result.’
    enact.command.r: no visible binding for '<<-' assignment to ‘.skip.’
    enact.command.r: no visible binding for global variable
     ‘list.of.command.subs’
    enact.command.r: no visible global function definition for
     ‘debug.catfile’
    eval.catching.errors: no visible binding for '<<-' assignment to
     ‘.evaluated.OK.’
    eval.catching.errors: no visible binding for global variable
     ‘.evaluated.OK.’
    evaluator: no visible binding for global variable ‘i’
    evaluator: no visible global function definition for ‘ch’
    evaluator: no visible binding for '<<-' assignment to ‘.skip.’
    evaluator: no visible binding for global variable ‘.quit.debug.’
    evaluator: no visible global function definition for ‘debug.catfile’
    evaluator: no visible binding for '<<-' assignment to ‘.evaluated.OK.’
    evaluator: no visible binding for '<<-' assignment to ‘.print.result.’
    evaluator: no visible binding for global variable ‘breakpoints’
    evaluator: no visible binding for global variable ‘.step.’
    evaluator: no visible binding for global variable ‘.system.’
    evaluator: no visible binding for global variable ‘.evaluated.OK.’
    evaluator: no visible binding for global variable ‘.skip.’
    evaluator: no visible global function definition for ‘get.call.type’
    evaluator: no visible binding for global variable ‘expr’
    evaluator: no visible global function definition for ‘augment.for.eval’
    evaluator: no visible binding for global variable ‘.print.result.’
    evaluator: no visible binding for '<<-' assignment to ‘.step.’
    get.mtraced.callers: no visible binding for global variable ‘actual’
    get.retval: no visible binding for global variable ‘j’
    go: no visible binding for '<<-' assignment to ‘temp.bp’
    go: no visible binding for global variable ‘.nothing.’
    go: no visible binding for global variable ‘breakpoints’
    interact: no visible binding for global variable ‘frame.number’
    interact: no visible global function definition for ‘debug.catfile’
    interact: no visible binding for global variable ‘debug.command.recall’
    interact: no visible binding for global variable ‘debug.hist.file’
    launch.debug.windows: no visible binding for global variable ‘.frames.’
    launch.debug.windows: no visible global function definition for
     ‘windows.running’
    launch.debug.windows: no visible global function definition for
     ‘set.window.state’
    launch.debug.windows: no visible global function definition for
     ‘set.focus.win’
    launch.debug.windows: no visible binding for global variable
     ‘r.window.handle’
    launch.debug.windows: no visible binding for '<<-' assignment to
     ‘.frames.’
    move.to.next.expression: no visible binding for global variable
     ‘call.type’
    move.to.next.expression: no visible binding for global variable ‘ch.i’
    move.to.next.expression: no visible binding for global variable ‘expr’
    move.to.next.expression: no visible global function definition for
     ‘get.call.type’
    move.to.next.expression: no visible global function definition for ‘ch’
    move.to.next.expression: no visible binding for global variable
     ‘.step.’
    move.to.next.expression: no visible global function definition for
     ‘debug.catfile’
    move.to.next.expression: no visible binding for '<<-' assignment to
     ‘.evaluated.OK.’
    move.to.next.expression: no visible binding for global variable
     ‘.evaluated.OK.’
    next.incarnation: no visible binding for global variable ‘fname’
    next.incarnation: no visible binding for global variable ‘.frames.’
    next.incarnation: no visible binding for '<<-' assignment to ‘.frames.’
    qqq: no visible binding for '<<-' assignment to ‘.quit.debug.’
    qqq: no visible binding for global variable ‘.nothing.’
    screen.line: no visible binding for global variable ‘line.list’
    set.a.breakpoint: no visible binding for '<<-' assignment to
     ‘breakpoints’
    set.a.breakpoint: no visible binding for global variable ‘breakpoints’
    set.a.breakpoint: no visible global function definition for ‘mark.bp’
    set.a.breakpoint: no visible binding for global variable ‘bp.win’
    set.wordstar.key.bindings : bindo : <anonymous>: no visible binding for
     global variable ‘tcl.win’
    set.wordstar.key.bindings : <anonymous>: no visible binding for global
     variable ‘line.list.win’
    set.wordstar.key.bindings: no visible binding for global variable
     ‘textaroo’
    set.wordstar.key.bindings : <anonymous>: no visible binding for global
     variable ‘line.list’
    setup.debug.admin: no visible binding for global variable ‘symbol’
    setup.debug.admin: no visible binding for global variable ‘closure’
    setup.debug.admin: no visible binding for global variable ‘promise’
    setup.debug.admin: no visible binding for global variable ‘language’
    setup.debug.admin: no visible binding for global variable ‘special’
    setup.debug.admin: no visible binding for global variable ‘builtin’
    setup.debug.admin: no visible binding for global variable ‘externalptr’
    setup.tcltk.in.control.frame: no visible binding for global variable
     ‘line.list’
    setup.tcltk.in.control.frame: no visible binding for global variable
     ‘breakpoints’
    setup.tcltk.in.control.frame: no visible binding for global variable
     ‘mark.bp’
    skip: no visible binding for '<<-' assignment to ‘.system.’
    skip: no visible binding for global variable ‘lno’
    skip: no visible binding for global variable ‘breakpoints’
    skip: no visible binding for global variable ‘.nothing.’
    skip: no visible binding for global variable ‘i’
    skip: no visible binding for global variable ‘expr’
    skip: no visible binding for '<<-' assignment to ‘.skipto.’
    skip: no visible binding for '<<-' assignment to ‘.skip.’
    skip: no visible binding for '<<-' assignment to ‘.evaluated.OK.’
    skipto.debug: no visible binding for global variable ‘.skipto.’
    stop.here: no visible binding for global variable ‘breakpoints’
    stop.here: no visible binding for global variable ‘ch.i’
    stop.here: no visible binding for '<<-' assignment to ‘.step.’
    stop.here: no visible binding for global variable ‘.step.’
Flavors: r-devel-linux-x86_64-debian-clang, r-devel-linux-x86_64-debian-gcc, r-devel-linux-x86_64-fedora-clang, r-devel-linux-x86_64-fedora-gcc, r-devel-osx-x86_64-clang, r-devel-windows-ix86+x86_64, r-patched-linux-x86_64, r-patched-solaris-sparc, r-patched-solaris-x86, r-release-linux-ix86, r-release-linux-x86_64, r-release-osx-x86_64-mavericks, r-release-osx-x86_64-snowleopard, r-release-windows-ix86+x86_64, r-oldrel-windows-ix86+x86_64

Version: 1.3.1
Check: Rd line widths
Result: NOTE
    Rd file 'debug.eval.Rd':
     \usage lines wider than 90 characters:
     debug.eval(expr, envir = parent.frame(), enclos = if (is.list(envir) || is.pairlist(envir)) parent.frame() else baseenv())
    
    Rd file 'mtrace.Rd':
     \usage lines wider than 90 characters:
     mtrace( fname, tracing=TRUE, char.fname, from=mvb.sys.parent(), update.tracees=TRUE, return.envs=FALSE)
    
    These lines will be truncated in the PDF manual.
Flavors: r-devel-linux-x86_64-fedora-clang, r-devel-linux-x86_64-fedora-gcc