Last updated on 2014-09-12 01:48:03.
Flavor | Version | Tinstall | Tcheck | Ttotal | Status | Flags |
---|---|---|---|---|---|---|
r-devel-linux-x86_64-debian-clang | 1.6 | 0.48 | 21.85 | 22.34 | OK | |
r-devel-linux-x86_64-debian-gcc | 1.6 | 0.47 | 24.24 | 24.72 | OK | |
r-devel-linux-x86_64-fedora-clang | 1.6 | 48.08 | OK | |||
r-devel-linux-x86_64-fedora-gcc | 1.6 | 45.26 | OK | |||
r-devel-osx-x86_64-clang | 1.6 | 44.07 | OK | |||
r-devel-windows-ix86+x86_64 | 1.6 | 2.00 | 33.00 | 35.00 | OK | |
r-patched-linux-x86_64 | 1.6 | 0.50 | 23.41 | 23.92 | OK | |
r-patched-solaris-sparc | 1.6 | 288.70 | OK | |||
r-patched-solaris-x86 | 1.6 | 61.50 | OK | |||
r-release-linux-ix86 | 1.6 | 0.88 | 32.19 | 33.07 | OK | |
r-release-linux-x86_64 | 1.6 | 0.52 | 23.66 | 24.18 | OK | |
r-release-osx-x86_64-mavericks | 1.6 | NOTE | ||||
r-release-osx-x86_64-snowleopard | 1.6 | OK | ||||
r-release-windows-ix86+x86_64 | 1.6 | 2.00 | 39.00 | 41.00 | OK | |
r-oldrel-windows-ix86+x86_64 | 1.6 | 2.00 | 38.00 | 40.00 | OK |
Version: 1.6
Check: re-building of vignette outputs
Result: NOTE
Error in re-building vignettes:
...
Error in texi2dvi(file = file, pdf = TRUE, clean = clean, quiet = quiet, :
Running 'texi2dvi' on 'desirability.tex' failed.
LaTeX errors:
! LaTeX Error: File `lastpage.sty' not found.
Type X to quit or <RETURN> to proceed,
or enter new name. (Default extension: sty)
/vign_test/desirability/vignettes/desirability.tex:13: ==> Fatal error occurre
d, no output PDF file produced!
Calls: buildVignettes -> texi2pdf -> texi2dvi
Execution halted
Flavor: r-release-osx-x86_64-mavericks