Last updated on 2014-09-12 01:48:04.
Flavor | Version | Tinstall | Tcheck | Ttotal | Status | Flags |
---|---|---|---|---|---|---|
r-devel-linux-x86_64-debian-clang | 0.1-0 | 0.96 | 21.27 | 22.23 | NOTE | |
r-devel-linux-x86_64-debian-gcc | 0.1-0 | 1.23 | 20.07 | 21.30 | NOTE | |
r-devel-linux-x86_64-fedora-clang | 0.1-0 | 42.60 | NOTE | |||
r-devel-linux-x86_64-fedora-gcc | 0.1-0 | 41.13 | NOTE | |||
r-devel-osx-x86_64-clang | 0.1-0 | 37.87 | NOTE | |||
r-devel-windows-ix86+x86_64 | 0.1-0 | 6.00 | 34.00 | 40.00 | NOTE | |
r-patched-linux-x86_64 | 0.1-0 | 1.12 | 21.41 | 22.53 | NOTE | |
r-patched-solaris-sparc | 0.1-0 | 247.00 | NOTE | |||
r-patched-solaris-x86 | 0.1-0 | 61.90 | NOTE | |||
r-release-linux-ix86 | 0.1-0 | 1.66 | 30.57 | 32.23 | NOTE | |
r-release-linux-x86_64 | 0.1-0 | 1.14 | 21.85 | 22.99 | NOTE | |
r-release-osx-x86_64-mavericks | 0.1-0 | NOTE | ||||
r-release-osx-x86_64-snowleopard | 0.1-0 | NOTE | ||||
r-release-windows-ix86+x86_64 | 0.1-0 | 6.00 | 37.00 | 43.00 | NOTE | |
r-oldrel-windows-ix86+x86_64 | 0.1-0 | 6.00 | 40.00 | 46.00 | NOTE |
Version: 0.1-0
Check: dependencies in R code
Result: NOTE
'library' or 'require' calls to packages already attached by Depends:
‘clusterSim’ ‘earth’
Please remove these calls from your code.
Namespace in Imports field not imported from: ‘methods’
All declared Imports should be used.
Packages in Depends field not imported from:
‘clusterSim’ ‘earth’
These packages need to be imported from (in the NAMESPACE file)
for when this namespace is loaded but not attached.
See the information on DESCRIPTION files in the chapter ‘Creating R
packages’ of the ‘Writing R Extensions’ manual.
Flavors: r-devel-linux-x86_64-debian-clang, r-devel-linux-x86_64-debian-gcc, r-devel-linux-x86_64-fedora-clang, r-devel-linux-x86_64-fedora-gcc, r-devel-osx-x86_64-clang, r-devel-windows-ix86+x86_64, r-patched-linux-x86_64, r-patched-solaris-sparc, r-patched-solaris-x86, r-release-linux-ix86, r-release-linux-x86_64, r-release-osx-x86_64-mavericks, r-release-windows-ix86+x86_64, r-oldrel-windows-ix86+x86_64
Version: 0.1-0
Check: R code for possible problems
Result: NOTE
distance: no visible global function definition for
‘data.Normalization’
estimateModel: no visible global function definition for ‘earth’
estimateModel: no visible global function definition for ‘plotmo’
Flavors: r-devel-linux-x86_64-debian-clang, r-devel-linux-x86_64-debian-gcc, r-devel-linux-x86_64-fedora-clang, r-devel-linux-x86_64-fedora-gcc, r-devel-osx-x86_64-clang, r-devel-windows-ix86+x86_64
Version: 0.1-0
Check: dependencies in R code
Result: NOTE
‘library’ or ‘require’ calls to packages already attached by Depends:
‘clusterSim’ ‘earth’
Please remove these calls from your code.
Namespace in Imports field not imported from: ‘methods’
All declared Imports should be used.
Packages in Depends field not imported from:
‘clusterSim’ ‘earth’
These packages need to be imported from for the case when
this namespace is loaded but not attached.
See the information on DESCRIPTION files in the chapter ‘Creating R
packages’ of the ‘Writing R Extensions’ manual.
Flavor: r-release-osx-x86_64-snowleopard