Last updated on 2014-09-12 01:48:04.
Flavor | Version | Tinstall | Tcheck | Ttotal | Status | Flags |
---|---|---|---|---|---|---|
r-devel-linux-x86_64-debian-clang | 0.7 | 0.94 | 25.62 | 26.56 | NOTE | |
r-devel-linux-x86_64-debian-gcc | 0.7 | 0.94 | 24.59 | 25.53 | NOTE | |
r-devel-linux-x86_64-fedora-clang | 0.7 | 52.81 | NOTE | |||
r-devel-linux-x86_64-fedora-gcc | 0.7 | 49.55 | NOTE | |||
r-devel-osx-x86_64-clang | 0.7 | 45.52 | NOTE | |||
r-devel-windows-ix86+x86_64 | 0.7 | 3.00 | 39.00 | 42.00 | NOTE | |
r-patched-linux-x86_64 | 0.7 | 0.98 | 26.27 | 27.25 | NOTE | |
r-patched-solaris-sparc | 0.7 | 353.30 | NOTE | |||
r-patched-solaris-x86 | 0.7 | 65.00 | NOTE | |||
r-release-linux-ix86 | 0.7 | 1.49 | 38.42 | 39.91 | NOTE | |
r-release-linux-x86_64 | 0.7 | 1.08 | 26.38 | 27.46 | NOTE | |
r-release-osx-x86_64-mavericks | 0.7 | NOTE | ||||
r-release-windows-ix86+x86_64 | 0.7 | 4.00 | 42.00 | 46.00 | NOTE | |
r-oldrel-windows-ix86+x86_64 | 0.7 | 4.00 | 42.00 | 46.00 | NOTE |
Version: 0.7
Check: dependencies in R code
Result: NOTE
'library' or 'require' call to ‘chron’ which was already attached by Depends.
Please remove these calls from your code.
See the information on DESCRIPTION files in the chapter ‘Creating R
packages’ of the ‘Writing R Extensions’ manual.
Flavors: r-devel-linux-x86_64-debian-clang, r-devel-linux-x86_64-debian-gcc, r-devel-linux-x86_64-fedora-clang, r-devel-linux-x86_64-fedora-gcc, r-devel-osx-x86_64-clang, r-devel-windows-ix86+x86_64, r-patched-linux-x86_64, r-patched-solaris-sparc, r-patched-solaris-x86, r-release-linux-ix86, r-release-linux-x86_64, r-release-osx-x86_64-mavericks, r-release-windows-ix86+x86_64, r-oldrel-windows-ix86+x86_64