Last updated on 2014-09-12 01:48:04.
Flavor | Version | Tinstall | Tcheck | Ttotal | Status | Flags |
---|---|---|---|---|---|---|
r-devel-linux-x86_64-debian-clang | 3010.81 | 3.39 | 81.20 | 84.59 | OK | |
r-devel-linux-x86_64-debian-gcc | 3010.81 | 3.09 | 79.16 | 82.25 | OK | |
r-devel-linux-x86_64-fedora-clang | 3010.81 | 186.11 | OK | |||
r-devel-linux-x86_64-fedora-gcc | 3010.81 | 172.85 | OK | |||
r-devel-osx-x86_64-clang | 3010.81 | 141.15 | OK | |||
r-devel-windows-ix86+x86_64 | 3010.81 | 9.00 | 128.00 | 137.00 | OK | |
r-patched-linux-x86_64 | 3010.81 | 3.44 | 88.68 | 92.12 | OK | |
r-patched-solaris-sparc | 3010.81 | 1074.20 | OK | |||
r-patched-solaris-x86 | 3010.81 | 221.90 | OK | |||
r-release-linux-ix86 | 3010.81 | 4.12 | 108.27 | 112.38 | OK | |
r-release-linux-x86_64 | 3010.81 | 3.34 | 89.72 | 93.07 | OK | |
r-release-osx-x86_64-mavericks | 3010.81 | OK | ||||
r-release-osx-x86_64-snowleopard | 3010.81 | ERROR | ||||
r-release-windows-ix86+x86_64 | 3010.81 | 10.00 | 128.00 | 138.00 | OK | |
r-oldrel-windows-ix86+x86_64 | 3010.81 | 10.00 | 116.00 | 126.00 | OK |
Version: 3010.81
Check: whether package can be installed
Result: ERROR
Installation failed.
Flavor: r-release-osx-x86_64-snowleopard