Last updated on 2014-09-12 01:48:05.
Flavor | Version | Tinstall | Tcheck | Ttotal | Status | Flags |
---|---|---|---|---|---|---|
r-devel-linux-x86_64-debian-clang | 1.3-4 | 2.41 | 36.80 | 39.20 | NOTE | |
r-devel-linux-x86_64-debian-gcc | 1.3-4 | 2.30 | 36.54 | 38.85 | NOTE | |
r-devel-linux-x86_64-fedora-clang | 1.3-4 | 83.79 | NOTE | |||
r-devel-linux-x86_64-fedora-gcc | 1.3-4 | 82.53 | NOTE | |||
r-devel-osx-x86_64-clang | 1.3-4 | 69.69 | NOTE | |||
r-devel-windows-ix86+x86_64 | 1.3-4 | 9.00 | 78.00 | 87.00 | NOTE | |
r-patched-linux-x86_64 | 1.3-4 | 2.44 | 38.70 | 41.14 | NOTE | |
r-patched-solaris-sparc | 1.3-4 | 412.50 | NOTE | --no-tests | ||
r-patched-solaris-x86 | 1.3-4 | 90.00 | NOTE | --no-tests | ||
r-release-linux-ix86 | 1.3-4 | 3.21 | 52.96 | 56.17 | NOTE | |
r-release-linux-x86_64 | 1.3-4 | 2.43 | 40.06 | 42.49 | NOTE | |
r-release-osx-x86_64-mavericks | 1.3-4 | NOTE | ||||
r-release-windows-ix86+x86_64 | 1.3-4 | 10.00 | 82.00 | 92.00 | NOTE | |
r-oldrel-windows-ix86+x86_64 | 1.3-4 | 10.00 | 79.00 | 89.00 | NOTE |
Version: 1.3-4
Check: dependencies in R code
Result: NOTE
There are ::: calls to the package's namespace in its code. A package
almost never needs to use ::: for its own objects:
‘getData’ ‘newKccaObject’
See the information on DESCRIPTION files in the chapter ‘Creating R
packages’ of the ‘Writing R Extensions’ manual.
Flavors: r-devel-linux-x86_64-debian-clang, r-devel-linux-x86_64-debian-gcc, r-devel-linux-x86_64-fedora-clang, r-devel-linux-x86_64-fedora-gcc, r-devel-osx-x86_64-clang, r-devel-windows-ix86+x86_64, r-patched-linux-x86_64, r-release-linux-ix86, r-release-linux-x86_64, r-release-osx-x86_64-mavericks, r-release-windows-ix86+x86_64, r-oldrel-windows-ix86+x86_64
Version: 1.3-4
Check: R code for possible problems
Result: NOTE
getDifferentCluster: no visible global function definition for
‘solve_LSAP’
Flavors: r-devel-linux-x86_64-debian-clang, r-devel-linux-x86_64-debian-gcc, r-devel-linux-x86_64-fedora-clang, r-devel-linux-x86_64-fedora-gcc, r-devel-osx-x86_64-clang, r-devel-windows-ix86+x86_64
Version: 1.3-4
Flags: --no-tests
Check: dependencies in R code
Result: NOTE
There are ::: calls to the package's namespace in its code. A package
almost never needs to use ::: for its own objects:
‘getData’ ‘newKccaObject’
See the information on DESCRIPTION files in the chapter ‘Creating R
packages’ of the ‘Writing R Extensions’ manual.
Flavors: r-patched-solaris-sparc, r-patched-solaris-x86