Last updated on 2014-09-12 01:48:05.
Flavor | Version | Tinstall | Tcheck | Ttotal | Status | Flags |
---|---|---|---|---|---|---|
r-devel-linux-x86_64-debian-clang | 2.3-11 | 3.16 | 184.68 | 187.84 | NOTE | |
r-devel-linux-x86_64-debian-gcc | 2.3-11 | 3.44 | 184.16 | 187.60 | NOTE | |
r-devel-linux-x86_64-fedora-clang | 2.3-11 | 427.50 | NOTE | |||
r-devel-linux-x86_64-fedora-gcc | 2.3-11 | 404.84 | NOTE | |||
r-devel-osx-x86_64-clang | 2.3-11 | 295.44 | NOTE | |||
r-devel-windows-ix86+x86_64 | 2.3-11 | 9.00 | 271.00 | 280.00 | NOTE | |
r-patched-linux-x86_64 | 2.3-11 | 3.14 | 202.33 | 205.46 | OK | |
r-patched-solaris-sparc | 2.3-11 | 1653.80 | OK | --no-build-vignettes | ||
r-patched-solaris-x86 | 2.3-11 | 525.50 | OK | |||
r-release-linux-ix86 | 2.3-11 | 4.33 | 254.91 | 259.24 | OK | |
r-release-linux-x86_64 | 2.3-11 | 3.38 | 199.56 | 202.94 | OK | |
r-release-osx-x86_64-mavericks | 2.3-11 | OK | ||||
r-release-windows-ix86+x86_64 | 2.3-11 | 10.00 | 298.00 | 308.00 | OK | |
r-oldrel-windows-ix86+x86_64 | 2.3-11 | 10.00 | 291.00 | 301.00 | OK |
Version: 2.3-11
Check: R code for possible problems
Result: NOTE
moments_truncated : <anonymous> : <anonymous>: no visible global
function definition for ‘dmvnorm’
Flavors: r-devel-linux-x86_64-debian-clang, r-devel-linux-x86_64-debian-gcc, r-devel-linux-x86_64-fedora-clang, r-devel-linux-x86_64-fedora-gcc, r-devel-osx-x86_64-clang, r-devel-windows-ix86+x86_64