CRAN Package Check Results for Package funFEM

Last updated on 2014-09-12 01:48:05.

Flavor Version Tinstall Tcheck Ttotal Status Flags
r-devel-linux-x86_64-fedora-clang 1.0 55.66 NOTE
r-devel-linux-x86_64-fedora-gcc 1.0 53.78 NOTE
r-devel-osx-x86_64-clang 1.0 58.22 NOTE
r-devel-windows-ix86+x86_64 1.0 10.00 60.00 70.00 NOTE
r-patched-solaris-sparc 1.0 514.00 NOTE
r-patched-solaris-x86 1.0 108.70 NOTE
r-release-windows-ix86+x86_64 1.0 11.00 63.00 74.00 NOTE

Check Details

Version: 1.0
Check: data for non-ASCII characters
Result: NOTE
     Note: found 33 marked UTF-8 strings
Flavors: r-devel-linux-x86_64-fedora-clang, r-devel-linux-x86_64-fedora-gcc, r-devel-osx-x86_64-clang, r-devel-windows-ix86+x86_64, r-patched-solaris-sparc, r-patched-solaris-x86, r-release-windows-ix86+x86_64