Last updated on 2014-09-12 01:48:06.
Flavor | Version | Tinstall | Tcheck | Ttotal | Status | Flags |
---|---|---|---|---|---|---|
r-devel-linux-x86_64-debian-clang | 1.0 | 0.94 | 43.99 | 44.92 | NOTE | |
r-devel-linux-x86_64-debian-gcc | 1.0 | 0.68 | 42.34 | 43.03 | NOTE | |
r-devel-linux-x86_64-fedora-clang | 1.0 | 89.32 | NOTE | |||
r-devel-linux-x86_64-fedora-gcc | 1.0 | 87.81 | NOTE | |||
r-devel-osx-x86_64-clang | 1.0 | 80.91 | NOTE | |||
r-devel-windows-ix86+x86_64 | 1.0 | 2.00 | 61.00 | 63.00 | NOTE | |
r-patched-linux-x86_64 | 1.0 | 0.81 | 43.03 | 43.84 | NOTE | |
r-patched-solaris-sparc | 1.0 | 784.40 | NOTE | |||
r-patched-solaris-x86 | 1.0 | 151.70 | NOTE | |||
r-release-linux-ix86 | 1.0 | 1.33 | 84.98 | 86.31 | NOTE | |
r-release-linux-x86_64 | 1.0 | 0.75 | 43.23 | 43.98 | NOTE | |
r-release-osx-x86_64-mavericks | 1.0 | NOTE | ||||
r-release-windows-ix86+x86_64 | 1.0 | 3.00 | 90.00 | 93.00 | NOTE | |
r-oldrel-windows-ix86+x86_64 | 1.0 | 2.00 | 62.00 | 64.00 | NOTE |
Version: 1.0
Check: files in ‘vignettes’
Result: NOTE
The following files are already in R: ‘Sweave.sty’
Please remove them from your package.
Flavors: r-devel-linux-x86_64-debian-clang, r-devel-linux-x86_64-debian-gcc, r-devel-linux-x86_64-fedora-clang, r-devel-linux-x86_64-fedora-gcc, r-devel-osx-x86_64-clang, r-devel-windows-ix86+x86_64, r-patched-linux-x86_64, r-patched-solaris-sparc, r-patched-solaris-x86, r-release-linux-ix86, r-release-linux-x86_64, r-release-osx-x86_64-mavericks, r-release-windows-ix86+x86_64, r-oldrel-windows-ix86+x86_64
Version: 1.0
Check: re-building of vignette outputs
Result: NOTE
Error in re-building vignettes:
...
Error in texi2dvi(file = file, pdf = TRUE, clean = clean, quiet = quiet, :
Running 'texi2dvi' on 'gPCA.tex' failed.
LaTeX errors:
! LaTeX Error: File `paralist.sty' not found.
Type X to quit or <RETURN> to proceed,
or enter new name. (Default extension: sty)
st/gPCA/vignettes/gPCA.tex:11: ==> Fatal error occurred, no output PDF file pr
oduced!
Calls: buildVignettes -> texi2pdf -> texi2dvi
Execution halted
Flavor: r-release-osx-x86_64-mavericks