Last updated on 2014-09-12 01:48:05.
Flavor | Version | Tinstall | Tcheck | Ttotal | Status | Flags |
---|---|---|---|---|---|---|
r-devel-linux-x86_64-debian-clang | 0.3-4 | 7.12 | 18.26 | 25.39 | NOTE | |
r-devel-linux-x86_64-debian-gcc | 0.3-4 | 9.21 | 18.07 | 27.28 | NOTE | |
r-devel-linux-x86_64-fedora-clang | 0.3-4 | 50.43 | NOTE | |||
r-devel-linux-x86_64-fedora-gcc | 0.3-4 | 52.06 | NOTE | |||
r-devel-osx-x86_64-clang | 0.3-4 | 47.49 | NOTE | |||
r-devel-windows-ix86+x86_64 | 0.3-4 | 42.00 | 51.00 | 93.00 | NOTE | |
r-patched-linux-x86_64 | 0.3-4 | 9.47 | 19.47 | 28.94 | OK | |
r-patched-solaris-sparc | 0.3-4 | 317.40 | OK | |||
r-patched-solaris-x86 | 0.3-4 | 81.40 | OK | |||
r-release-linux-ix86 | 0.3-4 | 12.39 | 29.92 | 42.32 | OK | |
r-release-linux-x86_64 | 0.3-4 | 9.38 | 19.25 | 28.63 | OK | |
r-release-osx-x86_64-mavericks | 0.3-4 | OK | ||||
r-release-osx-x86_64-snowleopard | 0.3-4 | OK | ||||
r-release-windows-ix86+x86_64 | 0.3-4 | 42.00 | 50.00 | 92.00 | OK | |
r-oldrel-windows-ix86+x86_64 | 0.3-4 | 41.00 | 52.00 | 93.00 | OK |
Version: 0.3-4
Check: R code for possible problems
Result: NOTE
tetramesh: no visible global function definition for ‘rgl.clear’
tetramesh: no visible global function definition for ‘rgl.triangles’
Flavors: r-devel-linux-x86_64-debian-clang, r-devel-linux-x86_64-debian-gcc, r-devel-linux-x86_64-fedora-clang, r-devel-linux-x86_64-fedora-gcc, r-devel-osx-x86_64-clang, r-devel-windows-ix86+x86_64