CRAN Package Check Results for Package geostatsp

Last updated on 2014-09-12 01:48:05.

Flavor Version Tinstall Tcheck Ttotal Status Flags
r-devel-linux-x86_64-debian-clang 0.9.999 5.89 89.34 95.23 ERROR
r-devel-linux-x86_64-debian-gcc 0.9.999 5.72 86.38 92.10 ERROR
r-devel-linux-x86_64-fedora-clang 0.9.999 227.08 ERROR
r-devel-linux-x86_64-fedora-gcc 0.9.999 226.03 ERROR
r-devel-osx-x86_64-clang 0.9.999 158.71 ERROR
r-devel-windows-ix86+x86_64 0.9.999 15.00 176.00 191.00 ERROR
r-patched-linux-x86_64 0.9.999 6.12 261.06 267.18 NOTE
r-patched-solaris-sparc 0.9.999 3811.30 NOTE
r-patched-solaris-x86 0.9.999 734.40 NOTE
r-release-linux-ix86 0.9.999 7.58 328.91 336.50 NOTE
r-release-linux-x86_64 0.9.999 6.39 259.27 265.66 NOTE
r-release-osx-x86_64-mavericks 0.9.999 ERROR
r-release-osx-x86_64-snowleopard 0.9.999 NOTE
r-release-windows-ix86+x86_64 0.9.999 15.00 722.00 737.00 NOTE
r-oldrel-windows-ix86+x86_64 0.9.999 14.00 707.00 721.00 NOTE

Check Details

Version: 0.9.999
Check: data for non-ASCII characters
Result: NOTE
     Note: found 4 marked UTF-8 strings
Flavors: r-devel-linux-x86_64-debian-clang, r-devel-linux-x86_64-debian-gcc, r-devel-linux-x86_64-fedora-clang, r-devel-linux-x86_64-fedora-gcc, r-devel-osx-x86_64-clang, r-devel-windows-ix86+x86_64, r-patched-linux-x86_64, r-patched-solaris-sparc, r-patched-solaris-x86, r-release-linux-ix86, r-release-linux-x86_64, r-release-osx-x86_64-mavericks, r-release-osx-x86_64-snowleopard, r-release-windows-ix86+x86_64, r-oldrel-windows-ix86+x86_64

Version: 0.9.999
Check: tests
Result: ERROR
    Running the tests in ‘tests/RFsimulate.R’ failed.
    Last 13 lines of output:
     > swissSim = geostatsp::RFsimulate(
     + model=swissRes$param,
     + data=swissRes$data['resid'],
     + x=swissRes$predict,
     + err.model=swissRes$param["nugget"],
     + n=3
     + )
    
    
     Error in RFinterpolate(krige.method = "O", x = if (!all$missing.x) x else all$x, :
     duplicated values not allowed
     Calls: <Anonymous> ... RFsimulate.RMmodel -> <Anonymous> -> rfCondGauss -> RFinterpolate
     Execution halted
Flavors: r-devel-linux-x86_64-debian-clang, r-devel-linux-x86_64-debian-gcc, r-devel-linux-x86_64-fedora-clang, r-devel-linux-x86_64-fedora-gcc, r-devel-osx-x86_64-clang

Version: 0.9.999
Check: running tests for arch 'i386'
Result: ERROR
    Running the tests in 'tests/RFsimulate.R' failed.
    Last 13 lines of output:
     > swissSim = geostatsp::RFsimulate(
     + model=swissRes$param,
     + data=swissRes$data['resid'],
     + x=swissRes$predict,
     + err.model=swissRes$param["nugget"],
     + n=3
     + )
    
    
     Error in RFinterpolate(krige.method = "O", x = if (!all$missing.x) x else all$x, :
     duplicated values not allowed
     Calls: <Anonymous> ... RFsimulate.RMmodel -> <Anonymous> -> rfCondGauss -> RFinterpolate
     Execution halted
Flavor: r-devel-windows-ix86+x86_64

Version: 0.9.999
Check: running tests for arch 'x64'
Result: ERROR
    Running the tests in 'tests/RFsimulate.R' failed.
    Last 13 lines of output:
     > swissSim = geostatsp::RFsimulate(
     + model=swissRes$param,
     + data=swissRes$data['resid'],
     + x=swissRes$predict,
     + err.model=swissRes$param["nugget"],
     + n=3
     + )
    
    
     Error in RFinterpolate(krige.method = "O", x = if (!all$missing.x) x else all$x, :
     duplicated values not allowed
     Calls: <Anonymous> ... RFsimulate.RMmodel -> <Anonymous> -> rfCondGauss -> RFinterpolate
     Execution halted
Flavor: r-devel-windows-ix86+x86_64

Version: 0.9.999
Check: package dependencies
Result: NOTE
    Package suggested but not available for checking: ‘rgdal’
Flavor: r-release-osx-x86_64-mavericks

Version: 0.9.999
Check: examples
Result: ERROR
    Running examples in ‘geostatsp-Ex.R’ failed
    The error most likely occurred in:
    
    > ### Name: stackRasterList
    > ### Title: Converts a list of rasters, possibly with different projections
    > ### and resolutions, to a single raster stack.
    > ### Aliases: stackRasterList
    >
    > ### ** Examples
    >
    >
    > mylist = list(a=raster(matrix(1:9, 3, 3), 0,1,0,1,
    + crs="+proj=utm +zone=17 +ellps=GRS80 +units=m +no_defs"),
    + b=raster(matrix(1:25, 5, 5), -1, 2, -1, 2,
    + crs="+proj=utm +zone=17 +ellps=GRS80 +units=m +no_defs")
    + )
    > mystack = stackRasterList(mylist)
    > mystack
    class : RasterStack
    dimensions : 3, 3, 9, 2 (nrow, ncol, ncell, nlayers)
    resolution : 0.3333333, 0.3333333 (x, y)
    extent : 0, 1, 0, 1 (xmin, xmax, ymin, ymax)
    coord. ref. : +proj=utm +zone=17 +ellps=GRS80 +units=m +no_defs
    names : a, b
    min values : 1, 7
    max values : 9, 19
    
    >
    >
    >
    > mylist = list(a=raster(matrix(1:36, 6, 6,byrow=TRUE), 0,1000,0,1000,
    + crs="+proj=utm +zone=17 +ellps=GRS80 +units=m +no_defs"),
    + b=raster(matrix(1:144, 12, 12), -85.49, -85.48, 0, 0.01,
    + crs="+proj=longlat +ellps=WGS84 +datum=WGS84 +no_defs "),
    + c=raster(matrix(1:100, 10, 10), -5000,5000,-5000,5000,
    + crs="+proj=utm +zone=17 +ellps=GRS80 +units=m +no_defs")
    + )
    >
    > if(.Platform$OS.type=='unix') {
    + mystack = stackRasterList(mylist,mc.cores=2)
    + mystack
    + }
    Warning in mclapply(seq_len(n), do_one, mc.preschedule = mc.preschedule, :
     scheduled cores 2 encountered errors in user code, all values of the jobs will be affected
    Error in stack(.makeRasterList(rlist)) :
     error in evaluating the argument 'x' in selecting a method for function 'stack': Error in .rasterObjectFromFile(x, band = band, objecttype = "RasterLayer", :
     Cannot create RasterLayer object from this file; perhaps you need to install rgdal first
    Calls: .makeRasterList ... raster -> raster -> .local -> .rasterObjectFromFile
    Calls: stackRasterList -> stack -> stack -> .local -> stack
    Execution halted
Flavor: r-release-osx-x86_64-mavericks