CRAN Package Check Results for Package hasseDiagram

Last updated on 2014-09-12 01:48:06.

Flavor Version Tinstall Tcheck Ttotal Status Flags
r-devel-linux-x86_64-debian-clang 0.1.1 2.13 21.70 23.83 NOTE
r-devel-linux-x86_64-debian-gcc 0.1.1 1.49 21.11 22.60 NOTE
r-devel-linux-x86_64-fedora-clang 0.1.1 50.39 NOTE
r-devel-linux-x86_64-fedora-gcc 0.1.1 47.47 NOTE
r-devel-osx-x86_64-clang 0.1.1 49.99 NOTE
r-devel-windows-ix86+x86_64 0.1.1 5.00 36.00 41.00 NOTE
r-patched-linux-x86_64 0.1.1 1.57 21.60 23.17 OK
r-patched-solaris-sparc 0.1.1 283.20 OK
r-patched-solaris-x86 0.1.1 67.20 OK
r-release-linux-ix86 0.1.1 2.05 30.97 33.02 OK
r-release-linux-x86_64 0.1.1 1.86 21.96 23.82 OK
r-release-osx-x86_64-mavericks 0.1.1 OK
r-release-osx-x86_64-snowleopard 0.1.1 OK
r-release-windows-ix86+x86_64 0.1.1 6.00 37.00 43.00 OK
r-oldrel-windows-ix86+x86_64 0.1.1 5.00 39.00 44.00 OK

Check Details

Version: 0.1.1
Check: R code for possible problems
Result: NOTE
    drawDetails.hasseGrob: no visible global function definition for
     ‘viewport’
    drawDetails.hasseGrob: no visible global function definition for ‘unit’
    drawDetails.hasseGrob: no visible global function definition for
     ‘pushViewport’
    drawDetails.hasseGrob: no visible global function definition for
     ‘grid.lines’
    drawDetails.hasseGrob: no visible global function definition for
     ‘popViewport’
    drawNode: no visible global function definition for ‘viewport’
    drawNode: no visible global function definition for ‘pushViewport’
    drawNode: no visible global function definition for ‘grid.rect’
    drawNode: no visible global function definition for ‘grid.roundrect’
    drawNode: no visible global function definition for ‘grid.clip’
    drawNode: no visible global function definition for ‘convertWidth’
    drawNode: no visible global function definition for ‘stringWidth’
    drawNode: no visible global function definition for ‘unit’
    drawNode: no visible global function definition for ‘convertHeight’
    drawNode: no visible global function definition for ‘grid.text’
    drawNode: no visible global function definition for ‘gpar’
    drawNode: no visible global function definition for ‘popViewport’
    hasse: no visible global function definition for ‘graphAM’
    hasse: no visible global function definition for ‘subGraph’
    hasse: no visible global function definition for ‘grid.newpage’
    hasse: no visible global function definition for ‘grid.draw’
    hasseGrob: no visible global function definition for ‘grob’
    nHi: no visible global function definition for ‘unit’
    nHi: no visible global function definition for ‘convertY’
    nWi: no visible global function definition for ‘unit’
    nWi: no visible global function definition for ‘stringWidth’
    nWi: no visible global function definition for ‘convertX’
Flavors: r-devel-linux-x86_64-debian-clang, r-devel-linux-x86_64-debian-gcc, r-devel-linux-x86_64-fedora-clang, r-devel-linux-x86_64-fedora-gcc, r-devel-osx-x86_64-clang, r-devel-windows-ix86+x86_64