CRAN Package Check Results for Package hddtools

Last updated on 2014-09-12 01:48:06.

Flavor Version Tinstall Tcheck Ttotal Status Flags
r-devel-linux-x86_64-debian-clang 0.1.1 4.18 44.72 48.90 OK
r-devel-linux-x86_64-debian-gcc 0.1.1 3.86 45.79 49.65 OK
r-devel-linux-x86_64-fedora-clang 0.1.1 122.98 OK
r-devel-linux-x86_64-fedora-gcc 0.1.1 114.26 OK
r-devel-osx-x86_64-clang 0.1.1 89.27 OK
r-devel-windows-ix86+x86_64 0.1.1 12.00 62.00 74.00 OK
r-patched-linux-x86_64 0.1.1 4.07 47.14 51.21 OK
r-patched-solaris-sparc 0.1.1 579.70 OK
r-patched-solaris-x86 0.1.1 156.80 OK
r-release-linux-ix86 0.1.1 5.15 56.12 61.27 OK
r-release-linux-x86_64 0.1.1 4.14 46.49 50.63 OK
r-release-osx-x86_64-mavericks 0.1.1 ERROR
r-release-osx-x86_64-snowleopard 0.1.1 OK
r-release-windows-ix86+x86_64 0.1.1 12.00 69.00 81.00 OK
r-oldrel-windows-ix86+x86_64 0.1.1 11.00 60.00 71.00 OK

Check Details

Version: 0.1.1
Check: package dependencies
Result: ERROR
    Package required but not available: ‘rgdal’
    
    See the information on DESCRIPTION files in the chapter ‘Creating R
    packages’ of the ‘Writing R Extensions’ manual.
Flavor: r-release-osx-x86_64-mavericks