Last updated on 2014-09-12 01:48:06.
Flavor | Version | Tinstall | Tcheck | Ttotal | Status | Flags |
---|---|---|---|---|---|---|
r-devel-linux-x86_64-debian-clang | 1.2 | 3.96 | 73.85 | 77.82 | NOTE | |
r-devel-linux-x86_64-debian-gcc | 1.2 | 4.13 | 68.92 | 73.05 | NOTE | |
r-devel-linux-x86_64-fedora-clang | 1.2 | 174.74 | NOTE | |||
r-devel-linux-x86_64-fedora-gcc | 1.2 | 169.59 | NOTE | |||
r-devel-osx-x86_64-clang | 1.2 | 133.36 | NOTE | |||
r-devel-windows-ix86+x86_64 | 1.2 | 13.00 | 115.00 | 128.00 | NOTE | |
r-patched-linux-x86_64 | 1.2 | 4.18 | 72.60 | 76.79 | OK | |
r-patched-solaris-sparc | 1.2 | 1239.50 | OK | |||
r-patched-solaris-x86 | 1.2 | 221.00 | OK | |||
r-release-linux-ix86 | 1.2 | 5.26 | 91.36 | 96.62 | OK | |
r-release-linux-x86_64 | 1.2 | 4.34 | 73.37 | 77.71 | OK | |
r-release-osx-x86_64-mavericks | 1.2 | NOTE | ||||
r-release-osx-x86_64-snowleopard | 1.2 | NOTE | ||||
r-release-windows-ix86+x86_64 | 1.2 | 16.00 | 121.00 | 137.00 | OK | |
r-oldrel-windows-ix86+x86_64 | 1.2 | 16.00 | 119.00 | 135.00 | OK |
Version: 1.2
Check: R code for possible problems
Result: NOTE
hdlm: no visible global function definition for ‘sparse.model.matrix’
Flavors: r-devel-linux-x86_64-debian-clang, r-devel-linux-x86_64-debian-gcc, r-devel-linux-x86_64-fedora-clang, r-devel-linux-x86_64-fedora-gcc, r-devel-osx-x86_64-clang, r-devel-windows-ix86+x86_64
Version: 1.2
Check: re-building of vignette outputs
Result: NOTE
Error in re-building vignettes:
...
Loading required package: glmnet
Loading required package: Matrix
Loaded glmnet 1.9-5
Loading required package: foreach
Loading required package: MASS
Loading required package: iterators
Warning: glm.fit: algorithm did not converge
Warning: glm.fit: fitted probabilities numerically 0 or 1 occurred
Warning: glm.fit: algorithm did not converge
Warning: glm.fit: fitted probabilities numerically 0 or 1 occurred
Warning: glm.fit: algorithm did not converge
Warning: glm.fit: fitted probabilities numerically 0 or 1 occurred
Warning: glm.fit: fitted probabilities numerically 0 or 1 occurred
Error in texi2dvi(file = file, pdf = TRUE, clean = clean, quiet = quiet, :
Running 'texi2dvi' on 'article.tex' failed.
LaTeX errors:
! LaTeX Error: File `utf8x.def' not found.
Type X to quit or <RETURN> to proceed,
or enter new name. (Default extension: def)
Calls: buildVignettes -> texi2pdf -> texi2dvi
Execution halted
Flavors: r-release-osx-x86_64-mavericks, r-release-osx-x86_64-snowleopard