Last updated on 2014-09-12 01:48:06.
Flavor | Version | Tinstall | Tcheck | Ttotal | Status | Flags |
---|---|---|---|---|---|---|
r-devel-linux-x86_64-debian-clang | 3.1 | 1.21 | 20.62 | 21.83 | NOTE | |
r-devel-linux-x86_64-debian-gcc | 3.1 | 1.05 | 20.19 | 21.24 | NOTE | |
r-devel-linux-x86_64-fedora-clang | 3.1 | 42.42 | NOTE | |||
r-devel-linux-x86_64-fedora-gcc | 3.1 | 38.98 | NOTE | |||
r-devel-osx-x86_64-clang | 3.1 | 38.04 | NOTE | |||
r-devel-windows-ix86+x86_64 | 3.1 | 5.00 | 41.00 | 46.00 | NOTE | |
r-patched-linux-x86_64 | 3.1 | 1.13 | 21.23 | 22.36 | NOTE | |
r-patched-solaris-sparc | 3.1 | 271.20 | NOTE | |||
r-patched-solaris-x86 | 3.1 | 56.80 | NOTE | |||
r-release-linux-ix86 | 3.1 | 1.67 | 33.40 | 35.07 | NOTE | |
r-release-linux-x86_64 | 3.1 | 1.17 | 21.50 | 22.67 | NOTE | |
r-release-osx-x86_64-mavericks | 3.1 | NOTE | ||||
r-release-windows-ix86+x86_64 | 3.1 | 5.00 | 44.00 | 49.00 | NOTE | |
r-oldrel-windows-ix86+x86_64 | 3.1 | 6.00 | 44.00 | 50.00 | NOTE |
Version: 3.1
Check: dependencies in R code
Result: NOTE
Package in Depends field not imported from: ‘mvtnorm’
These packages need to be imported from (in the NAMESPACE file)
for when this namespace is loaded but not attached.
See the information on DESCRIPTION files in the chapter ‘Creating R
packages’ of the ‘Writing R Extensions’ manual.
Flavors: r-devel-linux-x86_64-debian-clang, r-devel-linux-x86_64-debian-gcc, r-devel-linux-x86_64-fedora-clang, r-devel-linux-x86_64-fedora-gcc, r-devel-osx-x86_64-clang, r-devel-windows-ix86+x86_64, r-patched-linux-x86_64, r-patched-solaris-sparc, r-patched-solaris-x86, r-release-linux-ix86, r-release-linux-x86_64, r-release-osx-x86_64-mavericks, r-release-windows-ix86+x86_64, r-oldrel-windows-ix86+x86_64