Last updated on 2014-09-12 01:48:06.
Flavor | Version | Tinstall | Tcheck | Ttotal | Status | Flags |
---|---|---|---|---|---|---|
r-devel-linux-x86_64-debian-clang | 0.4.4 | 20.67 | 13.86 | 34.53 | NOTE | |
r-devel-linux-x86_64-debian-gcc | 0.4.4 | 30.86 | 13.77 | 44.64 | NOTE | |
r-devel-linux-x86_64-fedora-clang | 0.4.4 | 107.89 | NOTE | |||
r-devel-linux-x86_64-fedora-gcc | 0.4.4 | 83.15 | NOTE | |||
r-devel-osx-x86_64-clang | 0.4.4 | 66.10 | OK | |||
r-devel-windows-ix86+x86_64 | 0.4.4 | 101.00 | 34.00 | 135.00 | OK | |
r-patched-linux-x86_64 | 0.4.4 | 30.94 | 13.45 | 44.39 | NOTE | |
r-patched-solaris-sparc | 0.4.4 | 407.00 | OK | |||
r-patched-solaris-x86 | 0.4.4 | 109.60 | OK | |||
r-release-linux-ix86 | 0.4.4 | 40.78 | 21.29 | 62.07 | NOTE | |
r-release-linux-x86_64 | 0.4.4 | 30.65 | 13.86 | 44.51 | NOTE | |
r-release-osx-x86_64-mavericks | 0.4.4 | NOTE | ||||
r-release-osx-x86_64-snowleopard | 0.4.4 | NOTE | ||||
r-release-windows-ix86+x86_64 | 0.4.4 | 126.00 | 49.00 | 175.00 | OK | |
r-oldrel-windows-ix86+x86_64 | 0.4.4 | 93.00 | 34.00 | 127.00 | OK |
Version: 0.4.4
Check: installed package size
Result: NOTE
installed size is 7.4Mb
sub-directories of 1Mb or more:
highlight 1.1Mb
libs 6.1Mb
Flavors: r-devel-linux-x86_64-debian-clang, r-devel-linux-x86_64-debian-gcc, r-devel-linux-x86_64-fedora-clang, r-devel-linux-x86_64-fedora-gcc, r-patched-linux-x86_64, r-release-linux-ix86, r-release-linux-x86_64, r-release-osx-x86_64-mavericks, r-release-osx-x86_64-snowleopard