Last updated on 2014-09-12 01:48:07.
Flavor | Version | Tinstall | Tcheck | Ttotal | Status | Flags |
---|---|---|---|---|---|---|
r-devel-linux-x86_64-debian-clang | 1.2-2 | 1.88 | 20.54 | 22.42 | NOTE | |
r-devel-linux-x86_64-debian-gcc | 1.2-2 | 1.79 | 20.96 | 22.74 | NOTE | |
r-devel-linux-x86_64-fedora-clang | 1.2-2 | 48.16 | NOTE | |||
r-devel-linux-x86_64-fedora-gcc | 1.2-2 | 43.69 | NOTE | |||
r-devel-osx-x86_64-clang | 1.2-2 | 41.83 | NOTE | |||
r-devel-windows-ix86+x86_64 | 1.2-2 | 5.00 | 32.00 | 37.00 | NOTE | |
r-patched-linux-x86_64 | 1.2-2 | 2.30 | 21.66 | 23.96 | NOTE | |
r-patched-solaris-sparc | 1.2-2 | 284.90 | NOTE | |||
r-patched-solaris-x86 | 1.2-2 | 62.70 | NOTE | |||
r-release-linux-ix86 | 1.2-2 | 2.39 | 29.28 | 31.67 | NOTE | |
r-release-linux-x86_64 | 1.2-2 | 1.95 | 22.68 | 24.63 | NOTE | |
r-release-osx-x86_64-mavericks | 1.2-2 | NOTE | ||||
r-release-osx-x86_64-snowleopard | 1.2-2 | OK | ||||
r-release-windows-ix86+x86_64 | 1.2-2 | 4.00 | 35.00 | 39.00 | NOTE | |
r-oldrel-windows-ix86+x86_64 | 1.2-2 | 6.00 | 34.00 | 40.00 | NOTE |
Version: 1.2-2
Check: dependencies in R code
Result: NOTE
Package in Depends field not imported from: ‘Bessel’
These packages need to be imported from (in the NAMESPACE file)
for when this namespace is loaded but not attached.
See the information on DESCRIPTION files in the chapter ‘Creating R
packages’ of the ‘Writing R Extensions’ manual.
Flavors: r-devel-linux-x86_64-debian-clang, r-devel-linux-x86_64-debian-gcc, r-devel-linux-x86_64-fedora-clang, r-devel-linux-x86_64-fedora-gcc, r-devel-osx-x86_64-clang, r-devel-windows-ix86+x86_64, r-patched-linux-x86_64, r-patched-solaris-sparc, r-patched-solaris-x86, r-release-linux-ix86, r-release-linux-x86_64, r-release-osx-x86_64-mavericks, r-release-windows-ix86+x86_64, r-oldrel-windows-ix86+x86_64