Last updated on 2014-09-12 01:48:07.
Flavor | Version | Tinstall | Tcheck | Ttotal | Status | Flags |
---|---|---|---|---|---|---|
r-devel-linux-x86_64-debian-clang | 2.1-0 | 3.19 | 28.34 | 31.53 | OK | |
r-devel-linux-x86_64-debian-gcc | 2.1-0 | 2.05 | 28.06 | 30.11 | OK | |
r-devel-linux-x86_64-fedora-clang | 2.1-0 | 70.25 | OK | |||
r-devel-linux-x86_64-fedora-gcc | 2.1-0 | 63.71 | OK | |||
r-devel-osx-x86_64-clang | 2.1-0 | 62.21 | OK | |||
r-devel-windows-ix86+x86_64 | 2.1-0 | 6.00 | 60.00 | 66.00 | OK | |
r-patched-linux-x86_64 | 2.1-0 | 2.18 | 31.45 | 33.63 | OK | |
r-patched-solaris-sparc | 2.1-0 | 408.30 | OK | |||
r-patched-solaris-x86 | 2.1-0 | 93.30 | OK | |||
r-release-linux-ix86 | 2.1-0 | 2.65 | 40.97 | 43.62 | OK | |
r-release-linux-x86_64 | 2.1-0 | 2.29 | 31.57 | 33.86 | OK | |
r-release-osx-x86_64-mavericks | 2.1-0 | OK | ||||
r-release-osx-x86_64-snowleopard | 2.1-0 | ERROR | ||||
r-release-windows-ix86+x86_64 | 2.1-0 | 7.00 | 66.00 | 73.00 | OK | |
r-oldrel-windows-ix86+x86_64 | 2.1-0 | 5.00 | 63.00 | 68.00 | OK |
Version: 2.1-0
Check: R code for possible problems
Result: NOTE
Error in dyn.load(file, DLLpath = DLLpath, ...) :
unable to load shared object '/Volumes/XT3/Builds/R-dev-web/QA/Simon/packages/snowleopard-x86_64/Rlib/3.1/signal/libs/signal.so':
dlopen(/Volumes/XT3/Builds/R-dev-web/QA/Simon/packages/snowleopard-x86_64/Rlib/3.1/signal/libs/signal.so, 6): Library not loaded: /Library/Frameworks/R.framework/Versions/3.1/Resources/lib/libgfortran.2.dylib
Referenced from: /Volumes/XT3/Builds/R-dev-web/QA/Simon/packages/snowleopard-x86_64/Rlib/3.1/signal/libs/signal.so
Reason: image not found
Flavor: r-release-osx-x86_64-snowleopard
Version: 2.1-0
Check: running R code from vignettes
Result: ERROR
Errors in running code in vignettes:
when running code in ‘ResponseModels.Rnw’
...
Loading required package: MASS
Error in dyn.load(file, DLLpath = DLLpath, ...) :
unable to load shared object '/Volumes/XT3/Builds/R-dev-web/QA/Simon/packages/snowleopard-x86_64/Rlib/3.1/signal/libs/signal.so':
dlopen(/Volumes/XT3/Builds/R-dev-web/QA/Simon/packages/snowleopard-x86_64/Rlib/3.1/signal/libs/signal.so, 6): Library not loaded: /Library/Frameworks/R.framework/Versions/3.1/Resources/lib/libgfortran.2.dylib
Referenced from: /Volumes/XT3/Builds/R-dev-web/QA/Simon/packages/snowleopard-x86_64/Rlib/3.1/signal/libs/signal.so
Reason: image not found
When sourcing ‘ResponseModels.R’:
Error: package or namespace load failed for ‘signal’
Execution halted
Flavor: r-release-osx-x86_64-snowleopard