Last updated on 2014-09-12 01:48:08.
Flavor | Version | Tinstall | Tcheck | Ttotal | Status | Flags |
---|---|---|---|---|---|---|
r-devel-linux-x86_64-debian-clang | 1.21 | 4.90 | 50.08 | 54.98 | NOTE | |
r-devel-linux-x86_64-debian-gcc | 1.21 | 4.86 | 48.94 | 53.80 | NOTE | |
r-devel-linux-x86_64-fedora-clang | 1.21 | 128.15 | NOTE | |||
r-devel-linux-x86_64-fedora-gcc | 1.21 | 123.95 | NOTE | |||
r-devel-osx-x86_64-clang | 1.21 | 99.31 | NOTE | |||
r-devel-windows-ix86+x86_64 | 1.21 | 14.00 | 93.00 | 107.00 | NOTE | |
r-patched-linux-x86_64 | 1.21 | 5.09 | 54.66 | 59.75 | NOTE | |
r-patched-solaris-sparc | 1.21 | 707.10 | NOTE | |||
r-patched-solaris-x86 | 1.21 | 177.40 | NOTE | |||
r-release-linux-ix86 | 1.21 | 6.06 | 67.23 | 73.29 | NOTE | |
r-release-linux-x86_64 | 1.21 | 5.13 | 54.69 | 59.82 | NOTE | |
r-release-osx-x86_64-mavericks | 1.21 | NOTE | ||||
r-release-osx-x86_64-snowleopard | 1.21 | ERROR | ||||
r-release-windows-ix86+x86_64 | 1.21 | 14.00 | 107.00 | 121.00 | NOTE | |
r-oldrel-windows-ix86+x86_64 | 1.21 | 16.00 | 101.00 | 117.00 | NOTE |
Version: 1.21
Check: dependencies in R code
Result: NOTE
'library' or 'require' calls to packages already attached by Depends:
‘mgcv’ ‘mice’
Please remove these calls from your code.
Packages in Depends field not imported from:
‘mgcv’ ‘mice’
These packages need to be imported from (in the NAMESPACE file)
for when this namespace is loaded but not attached.
See the information on DESCRIPTION files in the chapter ‘Creating R
packages’ of the ‘Writing R Extensions’ manual.
Flavors: r-devel-linux-x86_64-debian-clang, r-devel-linux-x86_64-debian-gcc, r-devel-linux-x86_64-fedora-clang, r-devel-linux-x86_64-fedora-gcc, r-devel-osx-x86_64-clang, r-devel-windows-ix86+x86_64, r-patched-linux-x86_64, r-patched-solaris-sparc, r-patched-solaris-x86, r-release-linux-ix86, r-release-linux-x86_64, r-release-osx-x86_64-mavericks, r-release-windows-ix86+x86_64, r-oldrel-windows-ix86+x86_64
Version: 1.21
Check: R code for possible problems
Result: NOTE
CLIP.confint : <anonymous>: no visible global function definition for
‘complete’
CLIP.profile : <anonymous>: no visible global function definition for
‘complete’
logistf.fit: no visible global function definition for ‘uniquecombs’
logistf.fit.old: no visible global function definition for
‘uniquecombs’
Flavors: r-devel-linux-x86_64-debian-clang, r-devel-linux-x86_64-debian-gcc, r-devel-linux-x86_64-fedora-clang, r-devel-linux-x86_64-fedora-gcc, r-devel-osx-x86_64-clang, r-devel-windows-ix86+x86_64
Version: 1.21
Check: whether package can be installed
Result: ERROR
Installation failed.
Flavor: r-release-osx-x86_64-snowleopard