Last updated on 2014-09-12 01:48:08.
Flavor | Version | Tinstall | Tcheck | Ttotal | Status | Flags |
---|---|---|---|---|---|---|
r-devel-linux-x86_64-debian-clang | 1.0-0 | 4.24 | 74.89 | 79.13 | NOTE | |
r-devel-linux-x86_64-debian-gcc | 1.0-0 | 4.19 | 74.40 | 78.59 | NOTE | |
r-devel-linux-x86_64-fedora-clang | 1.0-0 | 181.51 | NOTE | |||
r-devel-linux-x86_64-fedora-gcc | 1.0-0 | 170.63 | NOTE | |||
r-devel-osx-x86_64-clang | 1.0-0 | 133.82 | NOTE | |||
r-devel-windows-ix86+x86_64 | 1.0-0 | 13.00 | 106.00 | 119.00 | NOTE | |
r-patched-linux-x86_64 | 1.0-0 | 4.56 | 77.65 | 82.20 | OK | |
r-patched-solaris-sparc | 1.0-0 | 955.30 | OK | |||
r-patched-solaris-x86 | 1.0-0 | 219.00 | OK | |||
r-release-linux-ix86 | 1.0-0 | 5.29 | 95.83 | 101.12 | OK | |
r-release-linux-x86_64 | 1.0-0 | 4.44 | 80.09 | 84.54 | OK | |
r-release-osx-x86_64-mavericks | 1.0-0 | OK | ||||
r-release-osx-x86_64-snowleopard | 1.0-0 | OK | ||||
r-release-windows-ix86+x86_64 | 1.0-0 | 10.00 | 115.00 | 125.00 | OK | |
r-oldrel-windows-ix86+x86_64 | 1.0-0 | 11.00 | 110.00 | 121.00 | OK |
Version: 1.0-0
Check: R code for possible problems
Result: NOTE
gauher: no visible binding for global variable ‘gh’
vcov.gpcm: no visible global function definition for ‘ginv’
vcov.grm: no visible global function definition for ‘ginv’
Flavors: r-devel-linux-x86_64-debian-clang, r-devel-linux-x86_64-debian-gcc, r-devel-linux-x86_64-fedora-clang, r-devel-linux-x86_64-fedora-gcc, r-devel-osx-x86_64-clang, r-devel-windows-ix86+x86_64